Last updated on 2025-11-27 18:48:57 CET.
| Flavor | Version | Tinstall | Tcheck | Ttotal | Status | Flags |
|---|---|---|---|---|---|---|
| r-devel-linux-x86_64-debian-clang | 0.4.5 | 67.60 | 92.75 | 160.35 | NOTE | |
| r-devel-linux-x86_64-debian-gcc | 0.4.5 | 50.70 | 65.32 | 116.02 | NOTE | |
| r-devel-linux-x86_64-fedora-clang | 0.4.5 | 249.00 | 90.77 | 339.77 | WARN | |
| r-devel-linux-x86_64-fedora-gcc | 0.4.5 | 166.00 | 146.22 | 312.22 | WARN | |
| r-devel-windows-x86_64 | 0.4.5 | 126.00 | 141.00 | 267.00 | NOTE | |
| r-patched-linux-x86_64 | 0.4.5 | 73.12 | 89.32 | 162.44 | NOTE | |
| r-release-linux-x86_64 | 0.4.5 | 72.98 | 89.25 | 162.23 | NOTE | |
| r-release-macos-arm64 | 0.4.5 | NOTE | ||||
| r-release-macos-x86_64 | 0.4.5 | 36.00 | 148.00 | 184.00 | NOTE | |
| r-release-windows-x86_64 | 0.4.5 | 118.00 | 138.00 | 256.00 | NOTE | |
| r-oldrel-macos-arm64 | 0.4.5 | NOTE | ||||
| r-oldrel-macos-x86_64 | 0.4.5 | 30.00 | 144.00 | 174.00 | NOTE | |
| r-oldrel-windows-x86_64 | 0.4.5 | 118.00 | 177.00 | 295.00 | NOTE |
Version: 0.4.5
Check: C++ specification
Result: NOTE
Specified C++14: please drop specification unless essential
Flavors: r-devel-linux-x86_64-debian-clang, r-devel-linux-x86_64-debian-gcc, r-devel-windows-x86_64, r-patched-linux-x86_64, r-release-linux-x86_64, r-release-macos-arm64, r-release-macos-x86_64, r-release-windows-x86_64, r-oldrel-macos-arm64, r-oldrel-macos-x86_64, r-oldrel-windows-x86_64
Version: 0.4.5
Check: whether package can be installed
Result: WARN
Found the following significant warnings:
yacas/include/yacas/utf8/checked.h:268:34: warning: 'iterator<std::bidirectional_iterator_tag, unsigned int>' is deprecated [-Wdeprecated-declarations]
yacas/include/yacas/utf8/unchecked.h:179:40: warning: 'iterator<std::bidirectional_iterator_tag, unsigned int>' is deprecated [-Wdeprecated-declarations]
See ‘/data/gannet/ripley/R/packages/tests-clang/Ryacas0.Rcheck/00install.out’ for details.
* used C++ compiler: ‘clang version 21.1.6’
Flavor: r-devel-linux-x86_64-fedora-clang
Version: 0.4.5
Check: C++ specification
Result: NOTE
Specified C++14: support will be removed soon
Flavors: r-devel-linux-x86_64-fedora-clang, r-devel-linux-x86_64-fedora-gcc
Version: 0.4.5
Check: whether package can be installed
Result: WARN
Found the following significant warnings:
yacas/include/yacas/utf8/checked.h:268:34: warning: ‘template<class _Category, class _Tp, class _Distance, class _Pointer, class _Reference> struct std::iterator’ is deprecated [-Wdeprecated-declarations]
yacas/include/yacas/utf8/unchecked.h:179:40: warning: ‘template<class _Category, class _Tp, class _Distance, class _Pointer, class _Reference> struct std::iterator’ is deprecated [-Wdeprecated-declarations]
See ‘/data/gannet/ripley/R/packages/tests-devel/Ryacas0.Rcheck/00install.out’ for details.
* used C++ compiler: ‘g++ (GCC) 15.1.1 20250521 (Red Hat 15.1.1-2)’
Flavor: r-devel-linux-x86_64-fedora-gcc
Version: 0.4.5
Check: installed package size
Result: NOTE
installed size is 9.4Mb
sub-directories of 1Mb or more:
libs 7.6Mb
yacas 1.3Mb
Flavors: r-oldrel-macos-arm64, r-oldrel-macos-x86_64