CRAN Package Check Results for Package Ryacas0

Last updated on 2025-07-19 19:50:01 CEST.

Flavor Version Tinstall Tcheck Ttotal Status Flags
r-devel-linux-x86_64-debian-clang 0.4.4 70.42 93.94 164.36 NOTE
r-devel-linux-x86_64-debian-gcc 0.4.4 51.60 67.36 118.96 NOTE
r-devel-linux-x86_64-fedora-clang 0.4.4 311.17 NOTE
r-devel-linux-x86_64-fedora-gcc 0.4.4 302.37 NOTE
r-devel-windows-x86_64 0.4.4 95.00 144.00 239.00 NOTE
r-patched-linux-x86_64 0.4.4 69.13 89.05 158.18 NOTE
r-release-linux-x86_64 0.4.4 68.89 89.25 158.14 NOTE
r-release-macos-arm64 0.4.4 129.00 NOTE
r-release-macos-x86_64 0.4.4 204.00 NOTE
r-release-windows-x86_64 0.4.4 90.00 140.00 230.00 NOTE
r-oldrel-macos-arm64 0.4.4 86.00 NOTE
r-oldrel-macos-x86_64 0.4.4 116.00 NOTE
r-oldrel-windows-x86_64 0.4.4 110.00 179.00 289.00 NOTE

Check Details

Version: 0.4.4
Check: C++ specification
Result: NOTE Specified C++11: please drop specification unless essential Flavors: r-devel-linux-x86_64-debian-clang, r-devel-linux-x86_64-debian-gcc, r-devel-linux-x86_64-fedora-clang, r-devel-linux-x86_64-fedora-gcc, r-devel-windows-x86_64, r-patched-linux-x86_64, r-release-linux-x86_64, r-release-macos-arm64, r-release-macos-x86_64, r-release-windows-x86_64, r-oldrel-macos-arm64, r-oldrel-macos-x86_64, r-oldrel-windows-x86_64

Version: 0.4.4
Check: for unstated dependencies in ‘demo’
Result: NOTE 'library' or 'require' call not declared from: ‘Ryacas’ Flavors: r-devel-linux-x86_64-debian-clang, r-devel-linux-x86_64-debian-gcc, r-patched-linux-x86_64, r-release-linux-x86_64

Version: 0.4.4
Check: installed package size
Result: NOTE installed size is 9.3Mb sub-directories of 1Mb or more: libs 7.6Mb yacas 1.3Mb Flavors: r-oldrel-macos-arm64, r-oldrel-macos-x86_64