Last updated on 2025-11-27 18:48:57 CET.
| Flavor | Version | Tinstall | Tcheck | Ttotal | Status | Flags |
|---|---|---|---|---|---|---|
| r-devel-linux-x86_64-debian-clang | 1.1.5 | 80.93 | 95.75 | 176.68 | NOTE | |
| r-devel-linux-x86_64-debian-gcc | 1.1.5 | 58.08 | 68.85 | 126.93 | NOTE | |
| r-devel-linux-x86_64-fedora-clang | 1.1.5 | 246.00 | 129.13 | 375.13 | WARN | |
| r-devel-linux-x86_64-fedora-gcc | 1.1.5 | 205.00 | 149.57 | 354.57 | WARN | |
| r-devel-windows-x86_64 | 1.1.5 | 144.00 | 143.00 | 287.00 | NOTE | |
| r-patched-linux-x86_64 | 1.1.5 | 84.76 | 91.77 | 176.53 | NOTE | |
| r-release-linux-x86_64 | 1.1.5 | 82.10 | 92.32 | 174.42 | NOTE | |
| r-release-macos-arm64 | 1.1.5 | NOTE | ||||
| r-release-macos-x86_64 | 1.1.5 | 36.00 | 115.00 | 151.00 | NOTE | |
| r-release-windows-x86_64 | 1.1.5 | 110.00 | 142.00 | 252.00 | NOTE | |
| r-oldrel-macos-arm64 | 1.1.5 | NOTE | ||||
| r-oldrel-macos-x86_64 | 1.1.5 | 26.00 | 81.00 | 107.00 | NOTE | |
| r-oldrel-windows-x86_64 | 1.1.5 | 115.00 | 174.00 | 289.00 | NOTE |
Version: 1.1.5
Check: CRAN incoming feasibility
Result: NOTE
Maintainer: ‘Mikkel Meyer Andersen <mikl@math.aau.dk>’
Package CITATION file contains call(s) to old-style personList() or
as.personList(). Please use c() on person objects instead.
Package CITATION file contains call(s) to old-style citEntry(). Please
use bibentry() instead.
Flavors: r-devel-linux-x86_64-debian-clang, r-devel-linux-x86_64-debian-gcc
Version: 1.1.5
Check: C++ specification
Result: NOTE
Specified C++14: please drop specification unless essential
Flavors: r-devel-linux-x86_64-debian-clang, r-devel-linux-x86_64-debian-gcc, r-devel-windows-x86_64, r-patched-linux-x86_64, r-release-linux-x86_64, r-release-macos-arm64, r-release-macos-x86_64, r-release-windows-x86_64, r-oldrel-macos-arm64, r-oldrel-macos-x86_64, r-oldrel-windows-x86_64
Version: 1.1.5
Check: whether package can be installed
Result: WARN
Found the following significant warnings:
yacas/include/yacas/utf8/checked.h:266:34: warning: 'iterator<std::bidirectional_iterator_tag, unsigned int>' is deprecated [-Wdeprecated-declarations]
yacas/include/yacas/utf8/unchecked.h:220:40: warning: 'iterator<std::bidirectional_iterator_tag, unsigned int>' is deprecated [-Wdeprecated-declarations]
See ‘/data/gannet/ripley/R/packages/tests-clang/Ryacas.Rcheck/00install.out’ for details.
* used C++ compiler: ‘clang version 21.1.6’
Flavor: r-devel-linux-x86_64-fedora-clang
Version: 1.1.5
Check: C++ specification
Result: NOTE
Specified C++14: support will be removed soon
Flavors: r-devel-linux-x86_64-fedora-clang, r-devel-linux-x86_64-fedora-gcc
Version: 1.1.5
Check: whether package can be installed
Result: WARN
Found the following significant warnings:
yacas/include/yacas/utf8/checked.h:266:34: warning: ‘template<class _Category, class _Tp, class _Distance, class _Pointer, class _Reference> struct std::iterator’ is deprecated [-Wdeprecated-declarations]
yacas/include/yacas/utf8/unchecked.h:220:40: warning: ‘template<class _Category, class _Tp, class _Distance, class _Pointer, class _Reference> struct std::iterator’ is deprecated [-Wdeprecated-declarations]
See ‘/data/gannet/ripley/R/packages/tests-devel/Ryacas.Rcheck/00install.out’ for details.
* used C++ compiler: ‘g++ (GCC) 15.1.1 20250521 (Red Hat 15.1.1-2)’
Flavor: r-devel-linux-x86_64-fedora-gcc
Version: 1.1.5
Check: installed package size
Result: NOTE
installed size is 10.2Mb
sub-directories of 1Mb or more:
libs 8.3Mb
yacas 1.3Mb
Flavors: r-oldrel-macos-arm64, r-oldrel-macos-x86_64
Version: 1.1.5
Check: package dependencies
Result: NOTE
Package suggested but not available for checking: 'unix'
Flavor: r-oldrel-windows-x86_64