CRAN Package Check Results for Package Rsampling

Last updated on 2025-11-28 12:48:50 CET.

Flavor Version Tinstall Tcheck Ttotal Status Flags
r-devel-linux-x86_64-debian-clang 0.1.1 1.93 78.91 80.84 NOTE
r-devel-linux-x86_64-debian-gcc 0.1.1 1.59 56.77 58.36 NOTE
r-devel-linux-x86_64-fedora-clang 0.1.1 124.93 OK
r-devel-linux-x86_64-fedora-gcc 0.1.1 140.97 OK
r-devel-windows-x86_64 0.1.1 3.00 85.00 88.00 OK
r-patched-linux-x86_64 0.1.1 1.99 76.05 78.04 OK
r-release-linux-x86_64 0.1.1 1.72 75.96 77.68 OK
r-release-macos-arm64 0.1.1 OK
r-release-macos-x86_64 0.1.1 2.00 89.00 91.00 OK
r-release-windows-x86_64 0.1.1 4.00 113.00 117.00 OK
r-oldrel-macos-arm64 0.1.1 OK
r-oldrel-macos-x86_64 0.1.1 2.00 100.00 102.00 OK
r-oldrel-windows-x86_64 0.1.1 3.00 109.00 112.00 OK

Check Details

Version: 0.1.1
Check: CRAN incoming feasibility
Result: NOTE Maintainer: ‘Paulo Prado <prado@ib.usp.br>’ The Description field contains Resampling Stats (http://www.resample.com) is an add-in for running Please enclose URLs in angle brackets (<...>). Flavors: r-devel-linux-x86_64-debian-clang, r-devel-linux-x86_64-debian-gcc