Last updated on 2025-07-27 13:49:44 CEST.
Flavor | Version | Tinstall | Tcheck | Ttotal | Status | Flags |
---|---|---|---|---|---|---|
r-devel-linux-x86_64-debian-clang | 0.0.22 | 60.04 | 30.06 | 90.10 | OK | |
r-devel-linux-x86_64-debian-gcc | 0.0.22 | 47.44 | 24.96 | 72.40 | OK | |
r-devel-linux-x86_64-fedora-clang | 0.0.22 | 129.25 | OK | |||
r-devel-linux-x86_64-fedora-gcc | 0.0.22 | 178.28 | OK | |||
r-devel-windows-x86_64 | 0.0.22 | 76.00 | 100.00 | 176.00 | OK | |
r-patched-linux-x86_64 | 0.0.22 | 63.93 | 27.23 | 91.16 | OK | |
r-release-linux-x86_64 | 0.0.22 | 66.96 | 27.21 | 94.17 | OK | |
r-release-macos-arm64 | 0.0.22 | 98.00 | OK | |||
r-release-macos-x86_64 | 0.0.22 | 130.00 | OK | |||
r-release-windows-x86_64 | 0.0.22 | 73.00 | 87.00 | 160.00 | OK | |
r-oldrel-macos-arm64 | 0.0.22 | 88.00 | NOTE | |||
r-oldrel-macos-x86_64 | 0.0.22 | 122.00 | NOTE | |||
r-oldrel-windows-x86_64 | 0.0.22 | 76.00 | 88.00 | 164.00 | OK |
Version: 0.0.22
Check: installed package size
Result: NOTE
installed size is 6.9Mb
sub-directories of 1Mb or more:
include 1.2Mb
libs 5.4Mb
Flavors: r-oldrel-macos-arm64, r-oldrel-macos-x86_64