Last updated on 2025-11-27 12:49:51 CET.
| Flavor | Version | Tinstall | Tcheck | Ttotal | Status | Flags |
|---|---|---|---|---|---|---|
| r-devel-linux-x86_64-debian-clang | 1.1 | 14.53 | 57.71 | 72.24 | NOTE | |
| r-devel-linux-x86_64-debian-gcc | 1.1 | 10.16 | 44.21 | 54.37 | NOTE | |
| r-devel-linux-x86_64-fedora-clang | 1.1 | 33.00 | 83.96 | 116.96 | NOTE | |
| r-devel-linux-x86_64-fedora-gcc | 1.1 | 24.00 | 86.02 | 110.02 | NOTE | |
| r-devel-windows-x86_64 | 1.1 | 21.00 | 104.00 | 125.00 | NOTE | |
| r-patched-linux-x86_64 | 1.1 | 12.96 | 57.45 | 70.41 | NOTE | |
| r-release-linux-x86_64 | 1.1 | 13.88 | 58.05 | 71.93 | NOTE | |
| r-release-macos-arm64 | 1.1 | NOTE | ||||
| r-release-macos-x86_64 | 1.1 | 10.00 | 38.00 | 48.00 | NOTE | |
| r-release-windows-x86_64 | 1.1 | 19.00 | 95.00 | 114.00 | NOTE | |
| r-oldrel-macos-arm64 | 1.1 | NOTE | ||||
| r-oldrel-macos-x86_64 | 1.1 | 10.00 | 40.00 | 50.00 | NOTE | |
| r-oldrel-windows-x86_64 | 1.1 | 24.00 | 112.00 | 136.00 | NOTE |
Version: 1.1
Check: CRAN incoming feasibility
Result: NOTE
Maintainer: ‘Zach DeBruine <zacharydebruine@gmail.com>’
No Authors@R field in DESCRIPTION.
Please add one, modifying
Authors@R: person(given = "Zach",
family = "DeBruine",
role = c("aut", "cre"),
email = "zacharydebruine@gmail.com")
as necessary.
Flavors: r-devel-linux-x86_64-debian-clang, r-devel-linux-x86_64-debian-gcc
Version: 1.1
Check: C++ specification
Result: NOTE
Specified C++11: please drop specification unless essential
Flavors: r-devel-linux-x86_64-debian-clang, r-devel-linux-x86_64-debian-gcc, r-devel-windows-x86_64, r-patched-linux-x86_64, r-release-linux-x86_64, r-release-macos-arm64, r-release-macos-x86_64, r-release-windows-x86_64, r-oldrel-macos-arm64, r-oldrel-macos-x86_64, r-oldrel-windows-x86_64
Version: 1.1
Check: C++ specification
Result: NOTE
Specified C++11: support will be removed soon
Flavors: r-devel-linux-x86_64-fedora-clang, r-devel-linux-x86_64-fedora-gcc