Last updated on 2025-11-27 18:48:52 CET.
| Flavor | Version | Tinstall | Tcheck | Ttotal | Status | Flags |
|---|---|---|---|---|---|---|
| r-devel-linux-x86_64-debian-clang | 0.3.4 | 21.95 | 250.40 | 272.35 | NOTE | |
| r-devel-linux-x86_64-debian-gcc | 0.3.4 | 16.09 | 167.02 | 183.11 | NOTE | |
| r-devel-linux-x86_64-fedora-clang | 0.3.4 | 64.00 | 361.53 | 425.53 | NOTE | |
| r-devel-linux-x86_64-fedora-gcc | 0.3.4 | 50.00 | 354.49 | 404.49 | NOTE | |
| r-devel-windows-x86_64 | 0.3.4 | 28.00 | 326.00 | 354.00 | NOTE | |
| r-patched-linux-x86_64 | 0.3.4 | 22.07 | 235.24 | 257.31 | NOTE | |
| r-release-linux-x86_64 | 0.3.4 | 20.28 | 236.33 | 256.61 | NOTE | |
| r-release-macos-arm64 | 0.3.4 | NOTE | ||||
| r-release-macos-x86_64 | 0.3.4 | 17.00 | 199.00 | 216.00 | NOTE | |
| r-release-windows-x86_64 | 0.3.4 | 27.00 | 325.00 | 352.00 | NOTE | |
| r-oldrel-macos-arm64 | 0.3.4 | NOTE | ||||
| r-oldrel-macos-x86_64 | 0.3.4 | 15.00 | 152.00 | 167.00 | NOTE | |
| r-oldrel-windows-x86_64 | 0.3.4 | 38.00 | 380.00 | 418.00 | NOTE |
Version: 0.3.4
Check: CRAN incoming feasibility
Result: NOTE
Maintainer: ‘Hannah Meyer <hannah.v.meyer@gmail.com>’
Package CITATION file contains call(s) to old-style personList() or
as.personList(). Please use c() on person objects instead.
Package CITATION file contains call(s) to old-style citEntry(). Please
use bibentry() instead.
Flavors: r-devel-linux-x86_64-debian-clang, r-devel-linux-x86_64-debian-gcc
Version: 0.3.4
Check: C++ specification
Result: NOTE
Specified C++11: please drop specification unless essential
Flavors: r-devel-linux-x86_64-debian-clang, r-devel-linux-x86_64-debian-gcc, r-devel-windows-x86_64, r-patched-linux-x86_64, r-release-linux-x86_64, r-release-macos-arm64, r-release-macos-x86_64, r-release-windows-x86_64, r-oldrel-macos-arm64, r-oldrel-macos-x86_64, r-oldrel-windows-x86_64
Version: 0.3.4
Check: C++ specification
Result: NOTE
Specified C++11: support will be removed soon
Flavors: r-devel-linux-x86_64-fedora-clang, r-devel-linux-x86_64-fedora-gcc
Version: 0.3.4
Check: installed package size
Result: NOTE
installed size is 5.7Mb
sub-directories of 1Mb or more:
doc 1.5Mb
extdata 3.1Mb
Flavors: r-oldrel-macos-arm64, r-oldrel-macos-x86_64, r-oldrel-windows-x86_64