CRAN Package Check Results for Package PRIMAL

Last updated on 2025-11-27 18:48:53 CET.

Flavor Version Tinstall Tcheck Ttotal Status Flags
r-devel-linux-x86_64-debian-clang 1.0.2 34.46 60.07 94.53 NOTE
r-devel-linux-x86_64-debian-gcc 1.0.2 28.06 49.34 77.40 NOTE
r-devel-linux-x86_64-fedora-clang 1.0.2 95.00 54.29 149.29 NOTE
r-devel-linux-x86_64-fedora-gcc 1.0.2 68.00 99.03 167.03 NOTE
r-devel-windows-x86_64 1.0.2 40.00 96.00 136.00 NOTE
r-patched-linux-x86_64 1.0.2 38.03 60.02 98.05 NOTE
r-release-linux-x86_64 1.0.2 38.93 59.66 98.59 NOTE
r-release-macos-arm64 1.0.2 NOTE
r-release-macos-x86_64 1.0.2 24.00 105.00 129.00 NOTE
r-release-windows-x86_64 1.0.2 38.00 116.00 154.00 NOTE
r-oldrel-macos-arm64 1.0.2 NOTE
r-oldrel-macos-x86_64 1.0.2 21.00 62.00 83.00 NOTE
r-oldrel-windows-x86_64 1.0.2 46.00 116.00 162.00 NOTE

Check Details

Version: 1.0.2
Check: CRAN incoming feasibility
Result: NOTE Maintainer: ‘Zichong Li <zichongli5@gmail.com>’ No Authors@R field in DESCRIPTION. Please add one, modifying Authors@R: c(person(given = "Zichong", family = "Li", role = c("aut", "cre"), email = "zichongli5@gmail.com"), person(given = "Qianli", family = "Shen", role = "aut")) as necessary. Flavors: r-devel-linux-x86_64-debian-clang, r-devel-linux-x86_64-debian-gcc

Version: 1.0.2
Check: C++ specification
Result: NOTE Specified C++11: please drop specification unless essential Flavors: r-devel-linux-x86_64-debian-clang, r-devel-linux-x86_64-debian-gcc, r-devel-windows-x86_64, r-patched-linux-x86_64, r-release-linux-x86_64, r-release-macos-arm64, r-release-macos-x86_64, r-release-windows-x86_64, r-oldrel-macos-arm64, r-oldrel-macos-x86_64, r-oldrel-windows-x86_64

Version: 1.0.2
Check: C++ specification
Result: NOTE Specified C++11: support will be removed soon Flavors: r-devel-linux-x86_64-fedora-clang, r-devel-linux-x86_64-fedora-gcc

Version: 1.0.2
Check: compiled code
Result: NOTE File ‘PRIMAL/libs/PRIMAL.so’: Found no calls to: ‘R_registerRoutines’, ‘R_useDynamicSymbols’ It is good practice to register native routines and to disable symbol search. See ‘Writing portable packages’ in the ‘Writing R Extensions’ manual. Flavors: r-devel-linux-x86_64-fedora-clang, r-devel-linux-x86_64-fedora-gcc

Version: 1.0.2
Check: installed package size
Result: NOTE installed size is 10.5Mb sub-directories of 1Mb or more: libs 10.1Mb Flavors: r-oldrel-macos-arm64, r-oldrel-macos-x86_64