Last updated on 2025-07-16 05:49:30 CEST.
Flavor | Version | Tinstall | Tcheck | Ttotal | Status | Flags |
---|---|---|---|---|---|---|
r-devel-linux-x86_64-debian-clang | 0.5.0 | 2.10 | 22.00 | 24.10 | NOTE | |
r-devel-linux-x86_64-debian-gcc | 0.5.0 | 1.68 | 18.35 | 20.03 | NOTE | |
r-devel-linux-x86_64-fedora-clang | 0.5.0 | 37.68 | OK | |||
r-devel-linux-x86_64-fedora-gcc | 0.5.0 | 34.85 | OK | |||
r-devel-windows-x86_64 | 0.5.0 | 3.00 | 48.00 | 51.00 | OK | |
r-patched-linux-x86_64 | 0.5.0 | 2.11 | 20.96 | 23.07 | OK | |
r-release-linux-x86_64 | 0.5.0 | 1.93 | 20.87 | 22.80 | OK | |
r-release-macos-arm64 | 0.5.0 | 17.00 | OK | |||
r-release-macos-x86_64 | 0.5.0 | 27.00 | OK | |||
r-release-windows-x86_64 | 0.5.0 | 3.00 | 53.00 | 56.00 | OK | |
r-oldrel-macos-arm64 | 0.5.0 | 15.00 | OK | |||
r-oldrel-macos-x86_64 | 0.5.0 | 21.00 | OK | |||
r-oldrel-windows-x86_64 | 0.5.0 | 3.00 | 51.00 | 54.00 | OK |
Version: 0.5.0
Check: CRAN incoming feasibility
Result: NOTE
Maintainer: ‘H. Robert Frost <rob.frost@dartmouth.edu>’
No Authors@R field in DESCRIPTION.
Please add one, modifying
Authors@R: person(given = c("H.", "Robert"),
family = "Frost",
role = c("aut", "cre"),
email = "rob.frost@dartmouth.edu")
as necessary.
Flavors: r-devel-linux-x86_64-debian-clang, r-devel-linux-x86_64-debian-gcc