Last updated on 2025-07-20 14:50:42 CEST.
Flavor | Version | Tinstall | Tcheck | Ttotal | Status | Flags |
---|---|---|---|---|---|---|
r-devel-linux-x86_64-debian-clang | 1.0.1 | 10.76 | 62.23 | 72.99 | OK | |
r-devel-linux-x86_64-debian-gcc | 1.0.1 | 9.84 | 50.47 | 60.31 | OK | |
r-devel-linux-x86_64-fedora-clang | 1.0.1 | 110.13 | OK | |||
r-devel-linux-x86_64-fedora-gcc | 1.0.1 | 119.29 | OK | |||
r-devel-windows-x86_64 | 1.0.1 | 14.00 | 79.00 | 93.00 | OK | |
r-patched-linux-x86_64 | 1.0.1 | 9.38 | 58.10 | 67.48 | OK | |
r-release-linux-x86_64 | 1.0.1 | 10.40 | 58.32 | 68.72 | OK | |
r-release-macos-arm64 | 1.0.1 | 5.00 | ERROR | |||
r-release-macos-x86_64 | 1.0.1 | 93.00 | OK | |||
r-release-windows-x86_64 | 1.0.1 | 15.00 | 76.00 | 91.00 | OK | |
r-oldrel-macos-arm64 | 1.0.1 | 47.00 | OK | |||
r-oldrel-macos-x86_64 | 1.0.1 | 69.00 | OK | |||
r-oldrel-windows-x86_64 | 1.0.1 | 19.00 | 96.00 | 115.00 | OK |
Version: 1.0.1
Check: package dependencies
Result: ERROR
Package required but not available: ‘org.Hs.eg.db’
See section ‘The DESCRIPTION file’ in the ‘Writing R Extensions’
manual.
Flavor: r-release-macos-arm64