CRAN Package Check Results for Package MixedPoisson

Last updated on 2025-11-27 18:48:49 CET.

Flavor Version Tinstall Tcheck Ttotal Status Flags
r-devel-linux-x86_64-debian-clang 2.0 3.95 47.07 51.02 NOTE
r-devel-linux-x86_64-debian-gcc 2.0 3.13 32.90 36.03 NOTE
r-devel-linux-x86_64-fedora-clang 2.0 81.99 OK
r-devel-linux-x86_64-fedora-gcc 2.0 74.79 OK
r-devel-windows-x86_64 2.0 6.00 59.00 65.00 OK
r-patched-linux-x86_64 2.0 4.48 45.56 50.04 OK
r-release-linux-x86_64 2.0 3.87 44.88 48.75 OK
r-release-macos-arm64 2.0 OK
r-release-macos-x86_64 2.0 6.00 55.00 61.00 OK
r-release-windows-x86_64 2.0 5.00 67.00 72.00 OK
r-oldrel-macos-arm64 2.0 OK
r-oldrel-macos-x86_64 2.0 4.00 33.00 37.00 OK
r-oldrel-windows-x86_64 2.0 6.00 69.00 75.00 OK

Check Details

Version: 2.0
Check: CRAN incoming feasibility
Result: NOTE Maintainer: ‘Alicja Wolny-Dominiak <alicja.wolny-dominiak@ue.katowice.pl>’ No Authors@R field in DESCRIPTION. Please add one, modifying Authors@R: c(person(given = "Alicja", family = "Wolny-Dominiak", role = c("aut", "cre"), email = "alicja.wolny-dominiak@ue.katowice.pl"), person(given = "Michal", family = "Trzesiok", role = "aut")) as necessary. Flavors: r-devel-linux-x86_64-debian-clang, r-devel-linux-x86_64-debian-gcc