Last updated on 2025-11-28 18:48:48 CET.
| Flavor | Version | Tinstall | Tcheck | Ttotal | Status | Flags |
|---|---|---|---|---|---|---|
| r-devel-linux-x86_64-debian-clang | 1.1.0 | 2.25 | 54.71 | 56.96 | NOTE | |
| r-devel-linux-x86_64-debian-gcc | 1.1.0 | 1.72 | 50.92 | 52.64 | NOTE | |
| r-devel-linux-x86_64-fedora-clang | 1.1.0 | 79.10 | OK | |||
| r-devel-linux-x86_64-fedora-gcc | 1.1.0 | 86.01 | OK | |||
| r-devel-windows-x86_64 | 1.1.0 | 5.00 | 138.00 | 143.00 | OK | |
| r-patched-linux-x86_64 | 1.1.0 | 1.76 | 57.15 | 58.91 | OK | |
| r-release-linux-x86_64 | 1.1.0 | 1.65 | 52.23 | 53.88 | OK | |
| r-release-macos-arm64 | 1.1.0 | OK | ||||
| r-release-macos-x86_64 | 1.1.0 | 3.00 | 209.00 | 212.00 | OK | |
| r-release-windows-x86_64 | 1.1.0 | 5.00 | 247.00 | 252.00 | OK | |
| r-oldrel-macos-arm64 | 1.1.0 | OK | ||||
| r-oldrel-macos-x86_64 | 1.1.0 | 2.00 | 49.00 | 51.00 | OK | |
| r-oldrel-windows-x86_64 | 1.1.0 | 5.00 | 90.00 | 95.00 | OK |
Version: 1.1.0
Check: CRAN incoming feasibility
Result: NOTE
Maintainer: ‘Alireza S. Mahani <alireza.s.mahani@gmail.com>’
No Authors@R field in DESCRIPTION.
Please add one, modifying
Authors@R: c(person(given = c("Alireza", "S."),
family = "Mahani",
role = c("aut", "cre"),
email = "alireza.s.mahani@gmail.com"),
person(given = c("Mansour", "T.A."),
family = "Sharabiani",
role = "aut"))
as necessary.
Flavors: r-devel-linux-x86_64-debian-clang, r-devel-linux-x86_64-debian-gcc