Last updated on 2025-11-27 12:49:45 CET.
| Flavor | Version | Tinstall | Tcheck | Ttotal | Status | Flags |
|---|---|---|---|---|---|---|
| r-devel-linux-x86_64-debian-clang | 0.3.0 | 0.32 | 2.59 | 2.91 | ERROR | |
| r-devel-linux-x86_64-debian-gcc | 0.3.0 | 0.28 | 2.09 | 2.37 | ERROR | |
| r-devel-linux-x86_64-fedora-clang | 0.3.0 | 146.00 | 415.16 | 561.16 | OK | |
| r-devel-linux-x86_64-fedora-gcc | 0.3.0 | 159.00 | 413.58 | 572.58 | OK | |
| r-devel-windows-x86_64 | 0.3.0 | 36.00 | 273.00 | 309.00 | OK | |
| r-patched-linux-x86_64 | 0.3.0 | 0.27 | 1.90 | 2.17 | ERROR | |
| r-release-linux-x86_64 | 0.3.0 | 29.86 | 303.62 | 333.48 | OK | |
| r-release-macos-arm64 | 0.3.0 | OK | ||||
| r-release-macos-x86_64 | 0.3.0 | 29.00 | 184.00 | 213.00 | OK | |
| r-release-windows-x86_64 | 0.3.0 | 34.00 | 254.00 | 288.00 | OK | |
| r-oldrel-macos-arm64 | 0.3.0 | OK | ||||
| r-oldrel-macos-x86_64 | 0.3.0 | 35.00 | 191.00 | 226.00 | OK | |
| r-oldrel-windows-x86_64 | 0.3.0 | 47.00 | 347.00 | 394.00 | OK |
Version: 0.3.0
Check: package dependencies
Result: ERROR
Packages required but not available: 'MazamaSpatialUtils', 'tmap'
See section ‘The DESCRIPTION file’ in the ‘Writing R Extensions’
manual.
Flavors: r-devel-linux-x86_64-debian-clang, r-devel-linux-x86_64-debian-gcc, r-patched-linux-x86_64