Last updated on 2025-07-17 19:51:44 CEST.
Flavor | Version | Tinstall | Tcheck | Ttotal | Status | Flags |
---|---|---|---|---|---|---|
r-devel-linux-x86_64-debian-clang | 0.2.1 | 24.64 | 60.67 | 85.31 | NOTE | |
r-devel-linux-x86_64-debian-gcc | 0.2.1 | 15.94 | 44.62 | 60.56 | NOTE | |
r-devel-linux-x86_64-fedora-clang | 0.2.1 | 139.83 | OK | |||
r-devel-linux-x86_64-fedora-gcc | 0.2.1 | 150.59 | OK | |||
r-devel-windows-x86_64 | 0.2.1 | 30.00 | 92.00 | 122.00 | OK | |
r-patched-linux-x86_64 | 0.2.1 | 24.11 | 56.41 | 80.52 | OK | |
r-release-linux-x86_64 | 0.2.1 | 24.94 | 56.01 | 80.95 | OK | |
r-release-macos-arm64 | 0.2.1 | 50.00 | OK | |||
r-release-macos-x86_64 | 0.2.1 | 83.00 | OK | |||
r-release-windows-x86_64 | 0.2.1 | 31.00 | 92.00 | 123.00 | OK | |
r-oldrel-macos-arm64 | 0.2.1 | 47.00 | NOTE | |||
r-oldrel-macos-x86_64 | 0.2.1 | 79.00 | NOTE | |||
r-oldrel-windows-x86_64 | 0.2.1 | 33.00 | 112.00 | 145.00 | NOTE |
Version: 0.2.1
Check: CRAN incoming feasibility
Result: NOTE
Maintainer: ‘Humza Haider <hshaider@ualberta.ca>’
No Authors@R field in DESCRIPTION.
Please add one, modifying
Authors@R: person(given = "Humza",
family = "Haider",
role = c("aut", "cre"),
email = "hshaider@ualberta.ca")
as necessary.
Flavors: r-devel-linux-x86_64-debian-clang, r-devel-linux-x86_64-debian-gcc
Version: 0.2.1
Check: LazyData
Result: NOTE
'LazyData' is specified without a 'data' directory
Flavors: r-oldrel-macos-arm64, r-oldrel-macos-x86_64, r-oldrel-windows-x86_64