Last updated on 2025-07-17 19:51:43 CEST.
Flavor | Version | Tinstall | Tcheck | Ttotal | Status | Flags |
---|---|---|---|---|---|---|
r-devel-linux-x86_64-debian-clang | 0.2.1 | 73.26 | 65.81 | 139.07 | OK | |
r-devel-linux-x86_64-debian-gcc | 0.2.2 | 63.28 | 50.84 | 114.12 | OK | |
r-devel-linux-x86_64-fedora-clang | 0.2.2 | 222.61 | OK | |||
r-devel-linux-x86_64-fedora-gcc | 0.2.2 | 274.89 | OK | |||
r-devel-windows-x86_64 | 0.2.1 | 77.00 | 98.00 | 175.00 | OK | |
r-patched-linux-x86_64 | 0.2.1 | 85.93 | 65.53 | 151.46 | OK | |
r-release-linux-x86_64 | 0.2.1 | 90.43 | 65.43 | 155.86 | OK | |
r-release-macos-arm64 | 0.2.1 | 69.00 | OK | |||
r-release-macos-x86_64 | 0.2.2 | 138.00 | OK | |||
r-release-windows-x86_64 | 0.2.1 | 77.00 | 98.00 | 175.00 | OK | |
r-oldrel-macos-arm64 | 0.2.1 | 72.00 | NOTE | |||
r-oldrel-macos-x86_64 | 0.2.2 | 144.00 | NOTE | |||
r-oldrel-windows-x86_64 | 0.2.1 | 92.00 | 121.00 | 213.00 | NOTE |
Version: 0.2.1
Check: installed package size
Result: NOTE
installed size is 41.7Mb
sub-directories of 1Mb or more:
libs 41.0Mb
Flavors: r-oldrel-macos-arm64, r-oldrel-windows-x86_64
Version: 0.2.2
Check: installed package size
Result: NOTE
installed size is 41.1Mb
sub-directories of 1Mb or more:
libs 40.8Mb
Flavor: r-oldrel-macos-x86_64