Last updated on 2025-11-27 18:48:45 CET.
| Flavor | Version | Tinstall | Tcheck | Ttotal | Status | Flags |
|---|---|---|---|---|---|---|
| r-devel-linux-x86_64-debian-clang | 2.7.4 | 13.09 | 134.04 | 147.13 | NOTE | |
| r-devel-linux-x86_64-debian-gcc | 2.7.4 | 9.68 | 93.20 | 102.88 | NOTE | |
| r-devel-linux-x86_64-fedora-clang | 2.7.4 | 68.00 | 171.04 | 239.04 | NOTE | |
| r-devel-linux-x86_64-fedora-gcc | 2.7.4 | 24.00 | 192.05 | 216.05 | NOTE | |
| r-devel-windows-x86_64 | 2.7.4 | 19.00 | 149.00 | 168.00 | NOTE | |
| r-patched-linux-x86_64 | 2.7.4 | 14.05 | 124.07 | 138.12 | NOTE | |
| r-release-linux-x86_64 | 2.7.4 | 12.44 | 123.89 | 136.33 | NOTE | |
| r-release-macos-arm64 | 2.7.4 | NOTE | ||||
| r-release-macos-x86_64 | 2.7.4 | 13.00 | 95.00 | 108.00 | NOTE | |
| r-release-windows-x86_64 | 2.7.4 | 17.00 | 148.00 | 165.00 | NOTE | |
| r-oldrel-macos-arm64 | 2.7.4 | NOTE | ||||
| r-oldrel-macos-x86_64 | 2.7.4 | 17.00 | 131.00 | 148.00 | NOTE | |
| r-oldrel-windows-x86_64 | 2.7.4 | 22.00 | 200.00 | 222.00 | NOTE |
Version: 2.7.4
Check: CRAN incoming feasibility
Result: NOTE
Maintainer: ‘Marco Notaro <marco.notaro@unimi.it>’
Package CITATION file contains call(s) to old-style citEntry(). Please
use bibentry() instead.
Flavors: r-devel-linux-x86_64-debian-clang, r-devel-linux-x86_64-debian-gcc
Version: 2.7.4
Check: C++ specification
Result: NOTE
Specified C++11: please drop specification unless essential
Flavors: r-devel-linux-x86_64-debian-clang, r-devel-linux-x86_64-debian-gcc, r-devel-windows-x86_64, r-patched-linux-x86_64, r-release-linux-x86_64, r-release-macos-arm64, r-release-macos-x86_64, r-release-windows-x86_64, r-oldrel-macos-arm64, r-oldrel-macos-x86_64, r-oldrel-windows-x86_64
Version: 2.7.4
Check: C++ specification
Result: NOTE
Specified C++11: support will be removed soon
Flavors: r-devel-linux-x86_64-fedora-clang, r-devel-linux-x86_64-fedora-gcc