Last updated on 2025-11-27 12:49:40 CET.
| Flavor | Version | Tinstall | Tcheck | Ttotal | Status | Flags |
|---|---|---|---|---|---|---|
| r-devel-linux-x86_64-debian-clang | 1.0.0 | 7.70 | 81.14 | 88.84 | OK | |
| r-devel-linux-x86_64-debian-gcc | 1.0.0 | 5.27 | 58.95 | 64.22 | OK | |
| r-devel-linux-x86_64-fedora-clang | 1.0.0 | 18.00 | 114.34 | 132.34 | OK | |
| r-devel-linux-x86_64-fedora-gcc | 1.0.0 | 30.00 | 121.40 | 151.40 | OK | |
| r-devel-windows-x86_64 | 1.0.0 | 11.00 | 68.00 | 79.00 | FAIL | |
| r-patched-linux-x86_64 | 1.0.0 | 7.19 | 76.19 | 83.38 | OK | |
| r-release-linux-x86_64 | 1.0.0 | 7.70 | 75.57 | 83.27 | OK | |
| r-release-macos-arm64 | 1.0.0 | OK | ||||
| r-release-macos-x86_64 | 1.0.0 | 8.00 | 110.00 | 118.00 | OK | |
| r-release-windows-x86_64 | 1.0.0 | 10.00 | 68.00 | 78.00 | FAIL | |
| r-oldrel-macos-arm64 | 1.0.0 | OK | ||||
| r-oldrel-macos-x86_64 | 1.0.0 | 10.00 | 104.00 | 114.00 | OK | |
| r-oldrel-windows-x86_64 | 1.0.0 | 13.00 | 97.00 | 110.00 | FAIL |
Version: 1.0.0
Check: re-building of vignette outputs
Result: FAIL
Flavors: r-devel-windows-x86_64, r-release-windows-x86_64, r-oldrel-windows-x86_64