CRAN Package Check Results for Package ForecastTB

Last updated on 2025-07-16 05:49:23 CEST.

Flavor Version Tinstall Tcheck Ttotal Status Flags
r-devel-linux-x86_64-debian-clang 1.0.1 9.54 76.11 85.65 OK
r-devel-linux-x86_64-debian-gcc 1.0.1 5.92 53.15 59.07 OK
r-devel-linux-x86_64-fedora-clang 1.0.1 126.77 NOTE
r-devel-linux-x86_64-fedora-gcc 1.0.1 163.84 NOTE
r-devel-windows-x86_64 1.0.1 11.00 82.00 93.00 OK
r-patched-linux-x86_64 1.0.1 8.98 70.62 79.60 OK
r-release-linux-x86_64 1.0.1 7.78 70.59 78.37 OK
r-release-macos-arm64 1.0.1 51.00 OK
r-release-macos-x86_64 1.0.1 123.00 OK
r-release-windows-x86_64 1.0.1 10.00 81.00 91.00 OK
r-oldrel-macos-arm64 1.0.1 50.00 NOTE
r-oldrel-macos-x86_64 1.0.1 104.00 NOTE
r-oldrel-windows-x86_64 1.0.1 15.00 99.00 114.00 NOTE

Check Details

Version: 1.0.1
Check: dependencies in R code
Result: NOTE Namespace in Imports field not imported from: ‘decomposedPSF’ All declared Imports should be used. Flavors: r-devel-linux-x86_64-fedora-clang, r-devel-linux-x86_64-fedora-gcc

Version: 1.0.1
Check: LazyData
Result: NOTE 'LazyData' is specified without a 'data' directory Flavors: r-oldrel-macos-arm64, r-oldrel-macos-x86_64, r-oldrel-windows-x86_64