Last updated on 2025-07-16 23:49:15 CEST.
Flavor | Version | Tinstall | Tcheck | Ttotal | Status | Flags |
---|---|---|---|---|---|---|
r-devel-linux-x86_64-debian-clang | 0.2.2 | 22.14 | 55.49 | 77.63 | OK | |
r-devel-linux-x86_64-debian-gcc | 0.2.2 | 14.87 | 39.97 | 54.84 | OK | |
r-devel-linux-x86_64-fedora-clang | 0.2.2 | 133.77 | NOTE | |||
r-devel-linux-x86_64-fedora-gcc | 0.2.2 | 134.03 | NOTE | |||
r-devel-windows-x86_64 | 0.2.2 | 27.00 | 89.00 | 116.00 | OK | |
r-patched-linux-x86_64 | 0.2.2 | 18.82 | 52.13 | 70.95 | OK | |
r-release-linux-x86_64 | 0.2.2 | 19.52 | 52.83 | 72.35 | OK | |
r-release-macos-arm64 | 0.2.2 | 50.00 | OK | |||
r-release-macos-x86_64 | 0.2.2 | 77.00 | OK | |||
r-release-windows-x86_64 | 0.2.2 | 28.00 | 85.00 | 113.00 | OK | |
r-oldrel-macos-arm64 | 0.2.2 | 40.00 | OK | |||
r-oldrel-macos-x86_64 | 0.2.2 | 68.00 | OK | |||
r-oldrel-windows-x86_64 | 0.2.2 | 32.00 | 104.00 | 136.00 | OK |
Version: 0.2.2
Check: dependencies in R code
Result: NOTE
Namespaces in Imports field not imported from:
‘kableExtra’ ‘knitr’ ‘rmarkdown’
All declared Imports should be used.
Flavors: r-devel-linux-x86_64-fedora-clang, r-devel-linux-x86_64-fedora-gcc