Last updated on 2025-07-16 11:50:38 CEST.
Flavor | Version | Tinstall | Tcheck | Ttotal | Status | Flags |
---|---|---|---|---|---|---|
r-devel-linux-x86_64-debian-clang | 1.0.1 | 25.21 | 29.84 | 55.05 | OK | |
r-devel-linux-x86_64-debian-gcc | 1.0.1 | 19.26 | 23.20 | 42.46 | OK | |
r-devel-linux-x86_64-fedora-clang | 1.0.1 | 89.17 | OK | |||
r-devel-linux-x86_64-fedora-gcc | 1.0.1 | 87.28 | OK | |||
r-devel-windows-x86_64 | 1.0.1 | 32.00 | 72.00 | 104.00 | OK | |
r-patched-linux-x86_64 | 1.0.1 | 24.78 | 27.74 | 52.52 | OK | |
r-release-linux-x86_64 | 1.0.1 | 24.96 | 27.43 | 52.39 | OK | |
r-release-macos-arm64 | 1.0.1 | 32.00 | OK | |||
r-release-macos-x86_64 | 1.0.1 | 58.00 | OK | |||
r-release-windows-x86_64 | 1.0.1 | 31.00 | 80.00 | 111.00 | OK | |
r-oldrel-macos-arm64 | 1.0.1 | 32.00 | NOTE | |||
r-oldrel-macos-x86_64 | 1.0.1 | 52.00 | NOTE | |||
r-oldrel-windows-x86_64 | 1.0.1 | 33.00 | 86.00 | 119.00 | OK |
Version: 1.0.1
Check: installed package size
Result: NOTE
installed size is 5.2Mb
sub-directories of 1Mb or more:
data 2.6Mb
libs 2.5Mb
Flavors: r-oldrel-macos-arm64, r-oldrel-macos-x86_64