Last updated on 2025-07-15 23:51:20 CEST.
Flavor | Version | Tinstall | Tcheck | Ttotal | Status | Flags |
---|---|---|---|---|---|---|
r-devel-linux-x86_64-debian-clang | 0.1.4 | 22.57 | 19.58 | 42.15 | OK | |
r-devel-linux-x86_64-debian-gcc | 0.1.4 | 18.78 | 18.19 | 36.97 | OK | |
r-devel-linux-x86_64-fedora-clang | 0.1.4 | 68.35 | OK | |||
r-devel-linux-x86_64-fedora-gcc | 0.1.4 | 73.65 | OK | |||
r-devel-windows-x86_64 | 0.1.4 | 24.00 | 46.00 | 70.00 | OK | |
r-patched-linux-x86_64 | 0.1.4 | 25.36 | 21.47 | 46.83 | OK | |
r-release-linux-x86_64 | 0.1.4 | 21.90 | 20.72 | 42.62 | OK | |
r-release-macos-arm64 | 0.1.4 | 24.00 | OK | |||
r-release-macos-x86_64 | 0.1.4 | 50.00 | OK | |||
r-release-windows-x86_64 | 0.1.4 | 25.00 | 57.00 | 82.00 | OK | |
r-oldrel-macos-arm64 | 0.1.4 | 25.00 | NOTE | |||
r-oldrel-macos-x86_64 | 0.1.4 | 47.00 | NOTE | |||
r-oldrel-windows-x86_64 | 0.1.4 | 29.00 | 53.00 | 82.00 | OK |
Version: 0.1.4
Check: installed package size
Result: NOTE
installed size is 11.2Mb
sub-directories of 1Mb or more:
libs 11.1Mb
Flavors: r-oldrel-macos-arm64, r-oldrel-macos-x86_64