Last updated on 2025-07-16 17:49:22 CEST.
Flavor | Version | Tinstall | Tcheck | Ttotal | Status | Flags |
---|---|---|---|---|---|---|
r-devel-linux-x86_64-debian-clang | 2.3.0 | 6.21 | 271.81 | 278.02 | NOTE | |
r-devel-linux-x86_64-debian-gcc | 2.3.0 | 4.06 | 206.69 | 210.75 | NOTE | |
r-devel-linux-x86_64-fedora-clang | 2.3.0 | 450.64 | OK | |||
r-devel-linux-x86_64-fedora-gcc | 2.3.0 | 411.29 | OK | |||
r-devel-windows-x86_64 | 2.3.0 | 11.00 | 409.00 | 420.00 | OK | |
r-patched-linux-x86_64 | 2.3.0 | 7.01 | 260.19 | 267.20 | OK | |
r-release-linux-x86_64 | 2.3.0 | 6.15 | 259.92 | 266.07 | OK | |
r-release-macos-arm64 | 2.3.0 | 151.00 | OK | |||
r-release-macos-x86_64 | 2.3.0 | 269.00 | OK | |||
r-release-windows-x86_64 | 2.3.0 | 10.00 | 409.00 | 419.00 | OK | |
r-oldrel-macos-arm64 | 2.3.0 | 145.00 | OK | |||
r-oldrel-macos-x86_64 | 2.3.0 | 203.00 | OK | |||
r-oldrel-windows-x86_64 | 2.3.0 | 13.00 | 518.00 | 531.00 | OK |
Version: 2.3.0
Check: CRAN incoming feasibility
Result: NOTE
Maintainer: ‘Szymon Maksymiuk <sz.maksymiuk@gmail.com>’
The Description field contains
'DALEXtra' creates 'DALEX' Biecek (2018) <arXiv:1806.08915> explainer
Please refer to arXiv e-prints via their arXiv DOI <doi:10.48550/arXiv.YYMM.NNNNN>.
Flavors: r-devel-linux-x86_64-debian-clang, r-devel-linux-x86_64-debian-gcc