CRAN Package Check Results for Package CIS.DGLM

Last updated on 2025-07-15 17:50:04 CEST.

Flavor Version Tinstall Tcheck Ttotal Status Flags
r-devel-linux-x86_64-debian-clang 0.1.0 4.91 59.75 64.66 OK
r-devel-linux-x86_64-debian-gcc 0.1.0 3.20 39.67 42.87 OK
r-devel-linux-x86_64-fedora-clang 0.1.0 98.57 NOTE
r-devel-linux-x86_64-fedora-gcc 0.1.0 95.16 NOTE
r-devel-windows-x86_64 0.1.0 6.00 70.00 76.00 OK
r-patched-linux-x86_64 0.1.0 4.77 54.35 59.12 OK
r-release-linux-x86_64 0.1.0 2.81 54.92 57.73 OK
r-release-macos-arm64 0.1.0 34.00 OK
r-release-macos-x86_64 0.1.0 68.00 OK
r-release-windows-x86_64 0.1.0 6.00 68.00 74.00 OK
r-oldrel-macos-arm64 0.1.0 26.00 OK
r-oldrel-macos-x86_64 0.1.0 58.00 OK
r-oldrel-windows-x86_64 0.1.0 7.00 84.00 91.00 OK

Check Details

Version: 0.1.0
Check: dependencies in R code
Result: NOTE Namespace in Imports field not imported from: ‘RColorBrewer’ All declared Imports should be used. Flavors: r-devel-linux-x86_64-fedora-clang, r-devel-linux-x86_64-fedora-gcc