Last updated on 2025-11-27 12:49:33 CET.
| Flavor | Version | Tinstall | Tcheck | Ttotal | Status | Flags |
|---|---|---|---|---|---|---|
| r-devel-linux-x86_64-debian-clang | 1.4.0 | 350.87 | 379.33 | 730.20 | OK | |
| r-devel-linux-x86_64-debian-gcc | 1.4.0 | 312.57 | 272.43 | 585.00 | OK | |
| r-devel-linux-x86_64-fedora-clang | 1.4.0 | 720.00 | 405.05 | 1125.05 | OK | |
| r-devel-linux-x86_64-fedora-gcc | 1.4.0 | 960.00 | 491.65 | 1451.65 | OK | |
| r-devel-windows-x86_64 | 1.4.0 | 407.00 | 547.00 | 954.00 | OK | |
| r-patched-linux-x86_64 | 1.4.0 | 411.23 | 207.91 | 619.14 | ERROR | |
| r-release-linux-x86_64 | 1.4.0 | 418.08 | 448.91 | 866.99 | OK | |
| r-release-macos-arm64 | 1.4.0 | OK | ||||
| r-release-macos-x86_64 | 1.4.0 | 198.00 | 417.00 | 615.00 | OK | |
| r-release-windows-x86_64 | 1.4.0 | 393.00 | 636.00 | 1029.00 | OK | |
| r-oldrel-macos-arm64 | 1.4.0 | NOTE | ||||
| r-oldrel-macos-x86_64 | 1.4.0 | 182.00 | 364.00 | 546.00 | NOTE | |
| r-oldrel-windows-x86_64 | 1.4.0 | 442.00 | 696.00 | 1138.00 | NOTE |
Version: 1.4.0
Check: re-building of vignette outputs
Result: ERROR
Error(s) in re-building vignettes:
...
--- re-building ‘Tutorial.Rmd’ using rmarkdown
Quitting from Tutorial.Rmd:47-61 [example]
~~~~~~~~~~~~~~~~~~~~~~~~~~~~~~~~~~~~~~~~~~~~~~~~~~~~~~~~~~~~~~~~~~~~~~~~~~~~~~~~
<error/rlang_error>
Error:
! Stan model 'GUTS_SD' does not contain samples.
---
Backtrace:
▆
1. ├─BeeGUTS::traceplot(fit)
2. └─BeeGUTS:::traceplot.beeSurvFit(fit)
3. └─rstan::stan_trace(...)
4. └─rstan:::.check_object(object, unconstrain)
5. └─rstan:::.mode_check(object)
~~~~~~~~~~~~~~~~~~~~~~~~~~~~~~~~~~~~~~~~~~~~~~~~~~~~~~~~~~~~~~~~~~~~~~~~~~~~~~~~
Error: processing vignette 'Tutorial.Rmd' failed with diagnostics:
Stan model 'GUTS_SD' does not contain samples.
--- failed re-building ‘Tutorial.Rmd’
SUMMARY: processing the following file failed:
‘Tutorial.Rmd’
Error: Vignette re-building failed.
Execution halted
Flavor: r-patched-linux-x86_64
Version: 1.4.0
Check: installed package size
Result: NOTE
installed size is 65.0Mb
sub-directories of 1Mb or more:
data 2.7Mb
libs 61.6Mb
Flavors: r-oldrel-macos-arm64, r-oldrel-macos-x86_64, r-oldrel-windows-x86_64
Version: 1.4.0
Check: for GNU extensions in Makefiles
Result: NOTE
GNU make is a SystemRequirements.
Flavors: r-oldrel-macos-arm64, r-oldrel-macos-x86_64