CRAN Package Check Results for Package AutoStepwiseGLM

Last updated on 2025-07-12 22:49:03 CEST.

Flavor Version Tinstall Tcheck Ttotal Status Flags
r-devel-linux-x86_64-debian-clang 0.2.0 14.15 106.69 120.84 NOTE
r-devel-linux-x86_64-debian-gcc 0.2.0 9.77 76.50 86.27 NOTE
r-devel-linux-x86_64-fedora-clang 0.2.0 185.98 OK
r-devel-linux-x86_64-fedora-gcc 0.2.0 173.75 OK
r-devel-windows-x86_64 0.2.0 14.00 102.00 116.00 OK
r-patched-linux-x86_64 0.2.0 14.37 99.42 113.79 OK
r-release-linux-x86_64 0.2.0 13.43 98.91 112.34 OK
r-release-macos-arm64 0.2.0 50.00 OK
r-release-macos-x86_64 0.2.0 142.00 OK
r-release-windows-x86_64 0.2.0 14.00 108.00 122.00 OK
r-oldrel-macos-arm64 0.2.0 50.00 NOTE
r-oldrel-macos-x86_64 0.2.0 75.00 NOTE
r-oldrel-windows-x86_64 0.2.0 20.00 132.00 152.00 NOTE

Check Details

Version: 0.2.0
Check: CRAN incoming feasibility
Result: NOTE Maintainer: ‘Aaron England <aaron.england24@gmail.com>’ No Authors@R field in DESCRIPTION. Please add one, modifying Authors@R: person(given = "Aaron", family = "England", role = c("aut", "cre"), email = "aaron.england24@gmail.com") as necessary. Flavors: r-devel-linux-x86_64-debian-clang, r-devel-linux-x86_64-debian-gcc

Version: 0.2.0
Check: LazyData
Result: NOTE 'LazyData' is specified without a 'data' directory Flavors: r-oldrel-macos-arm64, r-oldrel-macos-x86_64, r-oldrel-windows-x86_64