Last updated on 2025-07-16 17:49:18 CEST.
Flavor | Version | Tinstall | Tcheck | Ttotal | Status | Flags |
---|---|---|---|---|---|---|
r-devel-linux-x86_64-debian-clang | 1.1 | 2.22 | 19.99 | 22.21 | NOTE | |
r-devel-linux-x86_64-debian-gcc | 1.1 | 1.85 | 14.88 | 16.73 | NOTE | |
r-devel-linux-x86_64-fedora-clang | 1.1 | 35.46 | OK | |||
r-devel-linux-x86_64-fedora-gcc | 1.1 | 34.82 | OK | |||
r-devel-windows-x86_64 | 1.1 | 6.00 | 52.00 | 58.00 | OK | |
r-patched-linux-x86_64 | 1.1 | 2.47 | 19.00 | 21.47 | OK | |
r-release-linux-x86_64 | 1.1 | 2.09 | 19.53 | 21.62 | OK | |
r-release-macos-arm64 | 1.1 | 14.00 | OK | |||
r-release-macos-x86_64 | 1.1 | 24.00 | OK | |||
r-release-windows-x86_64 | 1.1 | 5.00 | 54.00 | 59.00 | OK | |
r-oldrel-macos-arm64 | 1.1 | 18.00 | OK | |||
r-oldrel-macos-x86_64 | 1.1 | 22.00 | OK | |||
r-oldrel-windows-x86_64 | 1.1 | 5.00 | 53.00 | 58.00 | OK |
Version: 1.1
Check: CRAN incoming feasibility
Result: NOTE
Maintainer: ‘Daniel Amorese <amorese@ipgp.fr>’
No Authors@R field in DESCRIPTION.
Please add one, modifying
Authors@R: person(given = "Daniel",
family = "Amorese",
role = c("aut", "cre"),
email = "amorese@ipgp.fr")
as necessary.
Flavors: r-devel-linux-x86_64-debian-clang, r-devel-linux-x86_64-debian-gcc