Last updated on 2025-07-15 23:51:38 CEST.
Flavor | Version | Tinstall | Tcheck | Ttotal | Status | Flags |
---|---|---|---|---|---|---|
r-devel-linux-x86_64-debian-clang | 0.3.5 | 35.83 | 231.46 | 267.29 | NOTE | |
r-devel-linux-x86_64-debian-gcc | 0.3.5 | 23.08 | 169.23 | 192.31 | NOTE | |
r-devel-linux-x86_64-fedora-clang | 0.3.5 | 397.91 | OK | |||
r-devel-linux-x86_64-fedora-gcc | 0.3.5 | 396.81 | OK | |||
r-devel-windows-x86_64 | 0.3.5 | 31.00 | 267.00 | 298.00 | OK | |
r-patched-linux-x86_64 | 0.3.5 | 32.16 | 216.11 | 248.27 | OK | |
r-release-linux-x86_64 | 0.3.5 | 35.82 | 209.43 | 245.25 | OK | |
r-release-macos-arm64 | 0.3.5 | 143.00 | OK | |||
r-release-macos-x86_64 | 0.3.5 | 386.00 | OK | |||
r-release-windows-x86_64 | 0.3.5 | 32.00 | 260.00 | 292.00 | OK | |
r-oldrel-macos-arm64 | 0.3.5 | 145.00 | OK | |||
r-oldrel-macos-x86_64 | 0.3.5 | 270.00 | OK | |||
r-oldrel-windows-x86_64 | 0.3.5 | 45.00 | 367.00 | 412.00 | OK |
Version: 0.3.5
Check: CRAN incoming feasibility
Result: NOTE
Maintainer: ‘Gavin Rozzi <gr@gavinrozzi.com>’
Package CITATION file contains call(s) to old-style citEntry(). Please
use bibentry() instead.
Flavors: r-devel-linux-x86_64-debian-clang, r-devel-linux-x86_64-debian-gcc