Last updated on 2025-07-16 11:50:56 CEST.
Flavor | Version | Tinstall | Tcheck | Ttotal | Status | Flags |
---|---|---|---|---|---|---|
r-devel-linux-x86_64-debian-clang | 0.1.0 | 12.86 | 213.76 | 226.62 | NOTE | |
r-devel-linux-x86_64-debian-gcc | 0.1.0 | 10.05 | 127.50 | 137.55 | NOTE | |
r-devel-linux-x86_64-fedora-clang | 0.1.0 | 364.19 | OK | |||
r-devel-linux-x86_64-fedora-gcc | 0.1.0 | 364.26 | OK | |||
r-devel-windows-x86_64 | 0.1.0 | 17.00 | 189.00 | 206.00 | OK | |
r-patched-linux-x86_64 | 0.1.0 | 12.54 | 198.80 | 211.34 | OK | |
r-release-linux-x86_64 | 0.1.0 | 12.84 | 195.94 | 208.78 | OK | |
r-release-macos-arm64 | 0.1.0 | 107.00 | OK | |||
r-release-macos-x86_64 | 0.1.0 | 182.00 | OK | |||
r-release-windows-x86_64 | 0.1.0 | 17.00 | 198.00 | 215.00 | OK | |
r-oldrel-macos-arm64 | 0.1.0 | 91.00 | OK | |||
r-oldrel-macos-x86_64 | 0.1.0 | 140.00 | OK | |||
r-oldrel-windows-x86_64 | 0.1.0 | 21.00 | 259.00 | 280.00 | OK |
Version: 0.1.0
Check: CRAN incoming feasibility
Result: NOTE
Maintainer: ‘Joao Claudio Macosso <joaoclaudiomacosso@gmail.com>’
No Authors@R field in DESCRIPTION.
Please add one, modifying
Authors@R: person(given = c("Joao", "Claudio"),
family = "Macosso",
role = c("aut", "cre"),
email = "joaoclaudiomacosso@gmail.com")
as necessary.
Flavors: r-devel-linux-x86_64-debian-clang, r-devel-linux-x86_64-debian-gcc