CRAN Package Check Results for Package wrangle

Last updated on 2025-07-18 19:50:33 CEST.

Flavor Version Tinstall Tcheck Ttotal Status Flags
r-devel-linux-x86_64-debian-clang 0.6.4 4.45 36.72 41.17 NOTE
r-devel-linux-x86_64-debian-gcc 0.6.4 3.18 27.11 30.29 NOTE
r-devel-linux-x86_64-fedora-clang 0.6.4 62.54 OK
r-devel-linux-x86_64-fedora-gcc 0.6.4 58.31 OK
r-devel-windows-x86_64 0.6.4 6.00 57.00 63.00 OK
r-patched-linux-x86_64 0.6.4 4.59 34.08 38.67 OK
r-release-linux-x86_64 0.6.4 3.89 33.78 37.67 OK
r-release-macos-arm64 0.6.4 23.00 OK
r-release-macos-x86_64 0.6.4 38.00 OK
r-release-windows-x86_64 0.6.4 5.00 56.00 61.00 OK
r-oldrel-macos-arm64 0.6.4 20.00 OK
r-oldrel-macos-x86_64 0.6.4 37.00 OK
r-oldrel-windows-x86_64 0.6.4 7.00 68.00 75.00 OK

Check Details

Version: 0.6.4
Check: CRAN incoming feasibility
Result: NOTE Maintainer: ‘Tim Bergsma <bergsmat@gmail.com>’ No Authors@R field in DESCRIPTION. Please add one, modifying Authors@R: person(given = "Tim", family = "Bergsma", role = c("aut", "cre"), email = "bergsmat@gmail.com") as necessary. Flavors: r-devel-linux-x86_64-debian-clang, r-devel-linux-x86_64-debian-gcc