Last updated on 2025-07-16 17:49:40 CEST.
Flavor | Version | Tinstall | Tcheck | Ttotal | Status | Flags |
---|---|---|---|---|---|---|
r-devel-linux-x86_64-debian-clang | 0.2.2 | 19.67 | 113.32 | 132.99 | NOTE | |
r-devel-linux-x86_64-debian-gcc | 0.2.2 | 16.66 | 85.03 | 101.69 | NOTE | |
r-devel-linux-x86_64-fedora-clang | 0.2.2 | 217.15 | OK | |||
r-devel-linux-x86_64-fedora-gcc | 0.2.2 | 199.99 | OK | |||
r-devel-windows-x86_64 | 0.2.2 | 14.00 | 102.00 | 116.00 | OK | |
r-patched-linux-x86_64 | 0.2.2 | 19.98 | 106.95 | 126.93 | OK | |
r-release-linux-x86_64 | 0.2.2 | 20.40 | 107.30 | 127.70 | OK | |
r-release-macos-arm64 | 0.2.2 | 44.00 | OK | |||
r-release-macos-x86_64 | 0.2.2 | 92.00 | OK | |||
r-release-windows-x86_64 | 0.2.2 | 15.00 | 112.00 | 127.00 | OK | |
r-oldrel-macos-arm64 | 0.2.2 | 43.00 | OK | |||
r-oldrel-macos-x86_64 | 0.2.2 | 121.00 | OK | |||
r-oldrel-windows-x86_64 | 0.2.2 | 20.00 | 135.00 | 155.00 | OK |
Version: 0.2.2
Check: CRAN incoming feasibility
Result: NOTE
Maintainer: ‘Joshua F. Wiley <josh@elkhartgroup.com>’
No Authors@R field in DESCRIPTION.
Please add one, modifying
Authors@R: c(person(given = c("Joshua", "F."),
family = "Wiley",
role = c("aut", "cre"),
email = "josh@elkhartgroup.com"),
person(given = c("Elkhart", "Group"),
family = "Limited",
role = "cph"))
as necessary.
Flavors: r-devel-linux-x86_64-debian-clang, r-devel-linux-x86_64-debian-gcc