Last updated on 2025-07-16 11:50:54 CEST.
Flavor | Version | Tinstall | Tcheck | Ttotal | Status | Flags |
---|---|---|---|---|---|---|
r-devel-linux-x86_64-debian-clang | 0.5-1 | 32.44 | 101.12 | 133.56 | OK | |
r-devel-linux-x86_64-debian-gcc | 0.5-1 | 36.19 | 73.69 | 109.88 | OK | |
r-devel-linux-x86_64-fedora-clang | 0.5-1 | 223.34 | NOTE | |||
r-devel-linux-x86_64-fedora-gcc | 0.5-1 | 251.58 | NOTE | |||
r-devel-windows-x86_64 | 0.5-1 | 54.00 | 109.00 | 163.00 | OK | |
r-patched-linux-x86_64 | 0.5-1 | 54.14 | 93.71 | 147.85 | OK | |
r-release-linux-x86_64 | 0.5-1 | 52.58 | 93.63 | 146.21 | OK | |
r-release-macos-arm64 | 0.5-1 | 106.00 | OK | |||
r-release-macos-x86_64 | 0.5-1 | 137.00 | OK | |||
r-release-windows-x86_64 | 0.5-1 | 57.00 | 111.00 | 168.00 | OK | |
r-oldrel-macos-arm64 | 0.5-1 | 74.00 | OK | |||
r-oldrel-macos-x86_64 | 0.5-1 | 107.00 | OK | |||
r-oldrel-windows-x86_64 | 0.5-1 | 68.00 | 147.00 | 215.00 | OK |
Version: 0.5-1
Check: compiled code
Result: NOTE
File ‘tseriesTARMA/libs/tseriesTARMA.so’:
Found no calls to: ‘R_registerRoutines’, ‘R_useDynamicSymbols’
It is good practice to register native routines and to disable symbol
search.
See ‘Writing portable packages’ in the ‘Writing R Extensions’ manual.
Flavors: r-devel-linux-x86_64-fedora-clang, r-devel-linux-x86_64-fedora-gcc