CRAN Package Check Results for Package tsPI

Last updated on 2025-07-15 17:50:24 CEST.

Flavor Version Tinstall Tcheck Ttotal Status Flags
r-devel-linux-x86_64-debian-clang 1.0.4 4.05 32.89 36.94 NOTE
r-devel-linux-x86_64-debian-gcc 1.0.4 3.03 24.16 27.19 NOTE
r-devel-linux-x86_64-fedora-clang 1.0.4 61.99 OK
r-devel-linux-x86_64-fedora-gcc 1.0.4 55.53 OK
r-devel-windows-x86_64 1.0.4 6.00 60.00 66.00 OK
r-patched-linux-x86_64 1.0.4 3.80 31.48 35.28 OK
r-release-linux-x86_64 1.0.4 3.30 30.98 34.28 OK
r-release-macos-arm64 1.0.4 23.00 OK
r-release-macos-x86_64 1.0.4 41.00 OK
r-release-windows-x86_64 1.0.4 8.00 64.00 72.00 OK
r-oldrel-macos-arm64 1.0.4 22.00 OK
r-oldrel-macos-x86_64 1.0.4 32.00 OK
r-oldrel-windows-x86_64 1.0.4 8.00 72.00 80.00 OK

Check Details

Version: 1.0.4
Check: CRAN incoming feasibility
Result: NOTE Maintainer: ‘Jouni Helske <jouni.helske@iki.fi>’ No Authors@R field in DESCRIPTION. Please add one, modifying Authors@R: person(given = "Jouni", family = "Helske", role = c("aut", "cre"), email = "jouni.helske@iki.fi") as necessary. Flavors: r-devel-linux-x86_64-debian-clang, r-devel-linux-x86_64-debian-gcc