CRAN Package Check Results for Package triplesmatch

Last updated on 2025-07-16 11:50:54 CEST.

Flavor Version Tinstall Tcheck Ttotal Status Flags
r-devel-linux-x86_64-debian-clang 1.1.0 7.31 58.88 66.19 OK
r-devel-linux-x86_64-debian-gcc 1.1.0 5.53 42.65 48.18 OK
r-devel-linux-x86_64-fedora-clang 1.1.0 114.59 OK
r-devel-linux-x86_64-fedora-gcc 1.1.0 111.79 OK
r-devel-windows-x86_64 1.1.0 7.00 79.00 86.00 OK
r-patched-linux-x86_64 1.1.0 6.41 55.39 61.80 OK
r-release-linux-x86_64 1.1.0 6.28 54.39 60.67 OK
r-release-macos-arm64 1.1.0 32.00 OK
r-release-macos-x86_64 1.1.0 56.00 OK
r-release-windows-x86_64 1.1.0 8.00 82.00 90.00 OK
r-oldrel-macos-arm64 1.1.0 32.00 NOTE
r-oldrel-macos-x86_64 1.1.0 76.00 NOTE
r-oldrel-windows-x86_64 1.1.0 11.00 97.00 108.00 NOTE

Check Details

Version: 1.1.0
Check: package dependencies
Result: NOTE Packages suggested but not available for checking: 'rrelaxiv', 'gurobi' Flavors: r-oldrel-macos-arm64, r-oldrel-macos-x86_64, r-oldrel-windows-x86_64