CRAN Package Check Results for Package transmem

Last updated on 2025-07-27 13:49:50 CEST.

Flavor Version Tinstall Tcheck Ttotal Status Flags
r-devel-linux-x86_64-debian-clang 0.1.1 7.83 73.82 81.65 NOTE
r-devel-linux-x86_64-debian-gcc 0.1.1 6.44 61.40 67.84 NOTE
r-devel-linux-x86_64-fedora-clang 0.1.1 140.46 OK
r-devel-linux-x86_64-fedora-gcc 0.1.1 128.48 OK
r-devel-windows-x86_64 0.1.1 9.00 97.00 106.00 OK
r-patched-linux-x86_64 0.1.1 7.98 64.03 72.01 OK
r-release-linux-x86_64 0.1.1 6.50 63.61 70.11 OK
r-release-macos-arm64 0.1.1 40.00 OK
r-release-macos-x86_64 0.1.1 65.00 OK
r-release-windows-x86_64 0.1.1 8.00 78.00 86.00 OK
r-oldrel-macos-arm64 0.1.1 41.00 OK
r-oldrel-macos-x86_64 0.1.1 52.00 OK
r-oldrel-windows-x86_64 0.1.1 12.00 96.00 108.00 OK

Check Details

Version: 0.1.1
Check: CRAN incoming feasibility
Result: NOTE Maintainer: ‘Cristhian Paredes <craparedesca@unal.edu.co>’ No Authors@R field in DESCRIPTION. Please add one, modifying Authors@R: c(person(given = "Cristhian", family = "Paredes", role = c("aut", "cre"), email = "craparedesca@unal.edu.co"), person(given = c("Eduardo", "Rodríguez", "de", "San"), family = "Miguel", role = "aut")) as necessary. Flavors: r-devel-linux-x86_64-debian-clang, r-devel-linux-x86_64-debian-gcc