CRAN Package Check Results for Package tinyProject

Last updated on 2025-07-27 01:48:37 CEST.

Flavor Version Tinstall Tcheck Ttotal Status Flags
r-devel-linux-x86_64-debian-clang 0.6.1 1.83 26.21 28.04 NOTE
r-devel-linux-x86_64-debian-gcc 0.6.1 1.43 21.03 22.46 NOTE
r-devel-linux-x86_64-fedora-clang 0.6.1 41.19 OK
r-devel-linux-x86_64-fedora-gcc 0.6.1 52.23 OK
r-devel-windows-x86_64 0.6.1 3.00 62.00 65.00 OK
r-patched-linux-x86_64 0.6.1 2.27 23.47 25.74 OK
r-release-linux-x86_64 0.6.1 1.87 23.49 25.36 OK
r-release-macos-arm64 0.6.1 35.00 OK
r-release-macos-x86_64 0.6.1 49.00 OK
r-release-windows-x86_64 0.6.1 3.00 53.00 56.00 OK
r-oldrel-macos-arm64 0.6.1 24.00 OK
r-oldrel-macos-x86_64 0.6.1 39.00 OK
r-oldrel-windows-x86_64 0.6.1 3.00 55.00 58.00 OK

Check Details

Version: 0.6.1
Check: CRAN incoming feasibility
Result: NOTE Maintainer: ‘Francois Guillem <guillem.francois@gmail.com>’ No Authors@R field in DESCRIPTION. Please add one, modifying Authors@R: person(given = "Francois", family = "Guillem", role = c("aut", "cre"), email = "guillem.francois@gmail.com") as necessary. Flavors: r-devel-linux-x86_64-debian-clang, r-devel-linux-x86_64-debian-gcc