CRAN Package Check Results for Package tidystringdist

Last updated on 2025-07-27 13:49:50 CEST.

Flavor Version Tinstall Tcheck Ttotal Status Flags
r-devel-linux-x86_64-debian-clang 0.1.4 3.25 41.07 44.32 OK
r-devel-linux-x86_64-debian-gcc 0.1.4 2.44 32.41 34.85 OK
r-devel-linux-x86_64-fedora-clang 0.1.4 64.30 OK
r-devel-linux-x86_64-fedora-gcc 0.1.4 74.36 OK
r-devel-windows-x86_64 0.1.4 6.00 70.00 76.00 OK
r-patched-linux-x86_64 0.1.4 3.06 36.33 39.39 OK
r-release-linux-x86_64 0.1.4 3.06 36.38 39.44 OK
r-release-macos-arm64 0.1.4 42.00 OK
r-release-macos-x86_64 0.1.4 56.00 OK
r-release-windows-x86_64 0.1.4 5.00 61.00 66.00 OK
r-oldrel-macos-arm64 0.1.4 31.00 NOTE
r-oldrel-macos-x86_64 0.1.4 45.00 NOTE
r-oldrel-windows-x86_64 0.1.4 6.00 72.00 78.00 NOTE

Check Details

Version: 0.1.4
Check: LazyData
Result: NOTE 'LazyData' is specified without a 'data' directory Flavors: r-oldrel-macos-arm64, r-oldrel-macos-x86_64, r-oldrel-windows-x86_64