CRAN Package Check Results for Package tidygapminder

Last updated on 2025-07-13 22:49:25 CEST.

Flavor Version Tinstall Tcheck Ttotal Status Flags
r-devel-linux-x86_64-debian-clang 0.1.1 1.57 28.51 30.08 OK
r-devel-linux-x86_64-debian-gcc 0.1.1 1.42 22.90 24.32 OK
r-devel-linux-x86_64-fedora-clang 0.1.1 43.76 NOTE
r-devel-linux-x86_64-fedora-gcc 0.1.1 55.73 NOTE
r-devel-windows-x86_64 0.1.1 3.00 49.00 52.00 OK
r-patched-linux-x86_64 0.1.1 1.72 25.35 27.07 OK
r-release-linux-x86_64 0.1.1 1.33 25.66 26.99 OK
r-release-macos-arm64 0.1.1 24.00 OK
r-release-macos-x86_64 0.1.1 46.00 OK
r-release-windows-x86_64 0.1.1 4.00 50.00 54.00 OK
r-oldrel-macos-arm64 0.1.1 26.00 NOTE
r-oldrel-macos-x86_64 0.1.1 36.00 NOTE
r-oldrel-windows-x86_64 0.1.1 4.00 53.00 57.00 NOTE

Check Details

Version: 0.1.1
Check: dependencies in R code
Result: NOTE Namespace in Imports field not imported from: ‘dplyr’ All declared Imports should be used. Flavors: r-devel-linux-x86_64-fedora-clang, r-devel-linux-x86_64-fedora-gcc

Version: 0.1.1
Check: LazyData
Result: NOTE 'LazyData' is specified without a 'data' directory Flavors: r-oldrel-macos-arm64, r-oldrel-macos-x86_64, r-oldrel-windows-x86_64