CRAN Package Check Results for Package thames

Last updated on 2025-07-16 17:49:39 CEST.

Flavor Version Tinstall Tcheck Ttotal Status Flags
r-devel-linux-x86_64-debian-clang 0.1.1 2.77 30.11 32.88 NOTE
r-devel-linux-x86_64-debian-gcc 0.1.2 1.50 20.24 21.74 OK
r-devel-linux-x86_64-fedora-clang 0.1.2 44.16 OK
r-devel-linux-x86_64-fedora-gcc 0.1.2 59.40 OK
r-devel-windows-x86_64 0.1.2 4.00 46.00 50.00 OK
r-patched-linux-x86_64 0.1.1 2.99 28.90 31.89 OK
r-release-linux-x86_64 0.1.1 3.01 28.73 31.74 OK
r-release-macos-arm64 0.1.1 26.00 OK
r-release-macos-x86_64 0.1.2 62.00 OK
r-release-windows-x86_64 0.1.2 3.00 46.00 49.00 OK
r-oldrel-macos-arm64 0.1.1 26.00 OK
r-oldrel-macos-x86_64 0.1.2 82.00 OK
r-oldrel-windows-x86_64 0.1.2 6.00 50.00 56.00 OK

Check Details

Version: 0.1.1
Check: CRAN incoming feasibility
Result: NOTE Maintainer: ‘Nicholas J. Irons <nicholasjonirons@gmail.com>’ The Description field contains Perrot-Dockès, Ouadah, Irons, & Raftery (2023) <arXiv:2305.08952>. Please refer to arXiv e-prints via their arXiv DOI <doi:10.48550/arXiv.YYMM.NNNNN>. Flavor: r-devel-linux-x86_64-debian-clang