Last updated on 2025-07-17 19:51:53 CEST.
Flavor | Version | Tinstall | Tcheck | Ttotal | Status | Flags |
---|---|---|---|---|---|---|
r-devel-linux-x86_64-debian-clang | 0.1.5 | 17.79 | 65.52 | 83.31 | NOTE | |
r-devel-linux-x86_64-debian-gcc | 0.1.5 | 13.31 | 58.67 | 71.98 | NOTE | |
r-devel-linux-x86_64-fedora-clang | 0.1.5 | 124.52 | NOTE | |||
r-devel-linux-x86_64-fedora-gcc | 0.1.5 | 140.83 | NOTE | |||
r-devel-windows-x86_64 | 0.1.5 | 22.00 | 136.00 | 158.00 | NOTE | |
r-patched-linux-x86_64 | 0.1.5 | 18.35 | 62.97 | 81.32 | NOTE | |
r-release-linux-x86_64 | 0.1.5 | 18.31 | 63.07 | 81.38 | NOTE | |
r-release-macos-arm64 | 0.1.5 | 50.00 | NOTE | |||
r-release-macos-x86_64 | 0.1.5 | 97.00 | NOTE | |||
r-release-windows-x86_64 | 0.1.5 | 24.00 | 139.00 | 163.00 | NOTE | |
r-oldrel-macos-arm64 | 0.1.5 | 44.00 | NOTE | |||
r-oldrel-macos-x86_64 | 0.1.5 | 83.00 | NOTE | |||
r-oldrel-windows-x86_64 | 0.1.5 | 26.00 | 153.00 | 179.00 | NOTE |
Version: 0.1.5
Check: CRAN incoming feasibility
Result: NOTE
Maintainer: ‘Luke Miratrix <lmiratrix@stat.harvard.edu>’
No Authors@R field in DESCRIPTION.
Please add one, modifying
Authors@R: person(given = "Luke",
family = "Miratrix",
role = c("aut", "cre"),
email = "lmiratrix@stat.harvard.edu")
as necessary.
Flavors: r-devel-linux-x86_64-debian-clang, r-devel-linux-x86_64-debian-gcc
Version: 0.1.5
Check: Rd files
Result: NOTE
checkRd: (-1) make.phrase.matrix.Rd:20: Lost braces
20 | \\tabular{rrrrr}{
| ^
checkRd: (-1) make.phrase.matrix.Rd:20-23: Lost braces
20 | \\tabular{rrrrr}{
| ^
Flavors: r-devel-linux-x86_64-debian-clang, r-devel-linux-x86_64-debian-gcc, r-devel-linux-x86_64-fedora-clang, r-devel-linux-x86_64-fedora-gcc, r-devel-windows-x86_64, r-patched-linux-x86_64, r-release-linux-x86_64, r-release-macos-arm64, r-release-macos-x86_64, r-release-windows-x86_64, r-oldrel-macos-arm64, r-oldrel-macos-x86_64, r-oldrel-windows-x86_64