CRAN Package Check Results for Package terrainmeshr

Last updated on 2025-07-14 10:49:47 CEST.

Flavor Version Tinstall Tcheck Ttotal Status Flags
r-devel-linux-x86_64-debian-clang 0.1.0 16.19 22.96 39.15 NOTE
r-devel-linux-x86_64-debian-gcc 0.1.0 11.15 18.14 29.29 NOTE
r-devel-linux-x86_64-fedora-clang 0.1.0 72.05 NOTE
r-devel-linux-x86_64-fedora-gcc 0.1.0 61.36 NOTE
r-devel-windows-x86_64 0.1.0 18.00 65.00 83.00 NOTE
r-patched-linux-x86_64 0.1.0 15.49 22.12 37.61 NOTE
r-release-linux-x86_64 0.1.0 14.39 21.83 36.22 NOTE
r-release-macos-arm64 0.1.0 27.00 NOTE
r-release-macos-x86_64 0.1.0 36.00 NOTE
r-release-windows-x86_64 0.1.0 20.00 65.00 85.00 NOTE
r-oldrel-macos-arm64 0.1.0 23.00 NOTE
r-oldrel-macos-x86_64 0.1.0 31.00 NOTE
r-oldrel-windows-x86_64 0.1.0 21.00 67.00 88.00 NOTE

Check Details

Version: 0.1.0
Check: C++ specification
Result: NOTE Specified C++11: please drop specification unless essential Flavors: r-devel-linux-x86_64-debian-clang, r-devel-linux-x86_64-debian-gcc, r-devel-linux-x86_64-fedora-clang, r-devel-linux-x86_64-fedora-gcc, r-devel-windows-x86_64, r-patched-linux-x86_64, r-release-linux-x86_64, r-release-macos-arm64, r-release-macos-x86_64, r-release-windows-x86_64, r-oldrel-macos-arm64, r-oldrel-macos-x86_64, r-oldrel-windows-x86_64

Version: 0.1.0
Check: LazyData
Result: NOTE 'LazyData' is specified without a 'data' directory Flavors: r-oldrel-macos-arm64, r-oldrel-macos-x86_64, r-oldrel-windows-x86_64