Last updated on 2025-11-05 21:49:47 CET.
| Flavor | Version | Tinstall | Tcheck | Ttotal | Status | Flags |
|---|---|---|---|---|---|---|
| r-devel-linux-x86_64-debian-clang | 1.8-70 | 499.36 | 402.65 | 902.01 | NOTE | |
| r-devel-linux-x86_64-debian-gcc | 1.8-70 | 422.62 | 243.06 | 665.68 | NOTE | |
| r-devel-linux-x86_64-fedora-clang | 1.8-80 | 960.00 | 704.82 | 1664.82 | OK | |
| r-devel-linux-x86_64-fedora-gcc | 1.8-80 | 780.00 | 1086.34 | 1866.34 | OK | |
| r-devel-windows-x86_64 | 1.8-70 | 508.00 | 885.00 | 1393.00 | NOTE | |
| r-patched-linux-x86_64 | 1.8-70 | 552.07 | 378.80 | 930.87 | OK | |
| r-release-linux-x86_64 | 1.8-70 | 578.75 | 381.37 | 960.12 | OK | |
| r-release-macos-arm64 | 1.8-80 | 230.00 | 167.00 | 397.00 | OK | |
| r-release-macos-x86_64 | 1.8-80 | 248.00 | 386.00 | 634.00 | OK | |
| r-release-windows-x86_64 | 1.8-70 | 539.00 | 905.00 | 1444.00 | OK | |
| r-oldrel-macos-arm64 | 1.8-80 | 237.00 | 160.00 | 397.00 | NOTE | |
| r-oldrel-macos-x86_64 | 1.8-80 | 248.00 | 312.00 | 560.00 | NOTE | |
| r-oldrel-windows-x86_64 | 1.8-70 | 697.00 | 1207.00 | 1904.00 | NOTE |
Version: 1.8-70
Check: Rd files
Result: NOTE
checkRd: (-1) terra-package.Rd:307-317: Only 2 columns allowed in this table (row 9 has 1)
Flavors: r-devel-linux-x86_64-debian-clang, r-devel-linux-x86_64-debian-gcc, r-devel-windows-x86_64
Version: 1.8-80
Check: installed package size
Result: NOTE
installed size is 136.2Mb
sub-directories of 1Mb or more:
R 3.0Mb
libs 131.5Mb
Flavors: r-oldrel-macos-arm64, r-oldrel-macos-x86_64
Version: 1.8-70
Check: installed package size
Result: NOTE
installed size is 113.5Mb
sub-directories of 1Mb or more:
R 2.5Mb
gdal 3.0Mb
libs 97.4Mb
proj 9.0Mb
Flavor: r-oldrel-windows-x86_64