Last updated on 2025-07-17 05:50:06 CEST.
Flavor | Version | Tinstall | Tcheck | Ttotal | Status | Flags |
---|---|---|---|---|---|---|
r-devel-linux-x86_64-debian-clang | 0.10.0 | 16.98 | 133.48 | 150.46 | OK | |
r-devel-linux-x86_64-debian-gcc | 0.10.0 | 12.06 | 93.04 | 105.10 | OK | |
r-devel-linux-x86_64-fedora-clang | 0.10.0 | 231.21 | OK | |||
r-devel-linux-x86_64-fedora-gcc | 0.10.0 | 233.67 | OK | |||
r-devel-windows-x86_64 | 0.10.0 | 18.00 | 133.00 | 151.00 | OK | |
r-patched-linux-x86_64 | 0.10.0 | 20.68 | 121.90 | 142.58 | OK | |
r-release-linux-x86_64 | 0.10.0 | 18.38 | 122.94 | 141.32 | OK | |
r-release-macos-arm64 | 0.10.0 | 62.00 | OK | |||
r-release-macos-x86_64 | 0.10.0 | 112.00 | OK | |||
r-release-windows-x86_64 | 0.10.0 | 18.00 | 133.00 | 151.00 | OK | |
r-oldrel-macos-arm64 | 0.10.0 | 63.00 | NOTE | |||
r-oldrel-macos-x86_64 | 0.10.0 | 127.00 | NOTE | |||
r-oldrel-windows-x86_64 | 0.10.0 | 24.00 | 175.00 | 199.00 | OK |
Version: 0.10.0
Check: package dependencies
Result: NOTE
Package suggested but not available for checking: ‘INLA’
Flavors: r-oldrel-macos-arm64, r-oldrel-macos-x86_64