Last updated on 2025-07-21 08:50:19 CEST.
Flavor | Version | Tinstall | Tcheck | Ttotal | Status | Flags |
---|---|---|---|---|---|---|
r-devel-linux-x86_64-debian-clang | 1.25.0 | 42.32 | 450.32 | 492.64 | OK | |
r-devel-linux-x86_64-debian-gcc | 1.25.0 | 26.11 | 311.96 | 338.07 | OK | |
r-devel-linux-x86_64-fedora-clang | 1.25.0 | 781.47 | OK | |||
r-devel-linux-x86_64-fedora-gcc | 1.25.0 | 763.76 | OK | |||
r-devel-windows-x86_64 | 1.25.0 | 47.00 | 320.00 | 367.00 | OK | --no-vignettes |
r-patched-linux-x86_64 | 1.25.0 | 47.72 | 426.31 | 474.03 | OK | |
r-release-linux-x86_64 | 1.25.0 | 38.54 | 423.68 | 462.22 | OK | |
r-release-macos-arm64 | 1.25.0 | 221.00 | OK | |||
r-release-macos-x86_64 | 1.25.0 | 497.00 | OK | |||
r-release-windows-x86_64 | 1.25.0 | 44.00 | 366.00 | 410.00 | OK | --no-vignettes |
r-oldrel-macos-arm64 | 1.25.0 | 232.00 | NOTE | |||
r-oldrel-macos-x86_64 | 1.25.0 | 490.00 | NOTE | |||
r-oldrel-windows-x86_64 | 1.25.0 | 59.00 | 428.00 | 487.00 | NOTE | --no-vignettes |
Version: 1.25.0
Check: package dependencies
Result: NOTE
Package suggested but not available for checking: ‘INLA’
Flavors: r-oldrel-macos-arm64, r-oldrel-macos-x86_64
Version: 1.25.0
Check: installed package size
Result: NOTE
installed size is 6.9Mb
sub-directories of 1Mb or more:
R 2.1Mb
doc 2.2Mb
Flavors: r-oldrel-macos-arm64, r-oldrel-macos-x86_64
Version: 1.25.0
Flags: --no-vignettes
Check: installed package size
Result: NOTE
installed size is 6.4Mb
sub-directories of 1Mb or more:
R 1.7Mb
doc 2.2Mb
Flavor: r-oldrel-windows-x86_64