Last updated on 2025-07-27 07:49:47 CEST.
Flavor | Version | Tinstall | Tcheck | Ttotal | Status | Flags |
---|---|---|---|---|---|---|
r-devel-linux-x86_64-debian-clang | 0.7.2 | 3.85 | 75.14 | 78.99 | NOTE | |
r-devel-linux-x86_64-debian-gcc | 0.7.2 | 2.59 | 54.35 | 56.94 | NOTE | |
r-devel-linux-x86_64-fedora-clang | 0.7.2 | 119.85 | OK | |||
r-devel-linux-x86_64-fedora-gcc | 0.7.2 | 149.44 | OK | |||
r-devel-windows-x86_64 | 0.7.2 | 5.00 | 116.00 | 121.00 | OK | |
r-patched-linux-x86_64 | 0.7.2 | 4.07 | 69.07 | 73.14 | OK | |
r-release-linux-x86_64 | 0.7.2 | 3.77 | 69.34 | 73.11 | OK | |
r-release-macos-arm64 | 0.7.2 | 70.00 | OK | |||
r-release-macos-x86_64 | 0.7.2 | 114.00 | OK | |||
r-release-windows-x86_64 | 0.7.2 | 5.00 | 97.00 | 102.00 | OK | |
r-oldrel-macos-arm64 | 0.7.2 | 58.00 | OK | |||
r-oldrel-macos-x86_64 | 0.7.2 | 84.00 | OK | |||
r-oldrel-windows-x86_64 | 0.7.2 | 6.00 | 112.00 | 118.00 | ERROR |
Version: 0.7.2
Check: CRAN incoming feasibility
Result: NOTE
Maintainer: ‘Alexander Fischer <alexander-fischer1801@t-online.de>’
The Description field contains
2022; <arXiv:2205.03288v1>).
Please refer to arXiv e-prints via their arXiv DOI <doi:10.48550/arXiv.YYMM.NNNNN>.
Flavors: r-devel-linux-x86_64-debian-clang, r-devel-linux-x86_64-debian-gcc
Version: 0.7.2
Check: tests
Result: ERROR
Running 'testthat.R' [26s]
Running the tests in 'tests/testthat.R' failed.
Complete output:
> library(testthat)
> library(summclust)
>
> test_check("summclust")
Loading required namespace: fabricatr
summclust.fixest(obj = feols_fit, cluster = ~group_id1, params = c("treatment",
"log_income"))
Number of observations: 95 97 99 104 98 93 116 102 100 96
Number of clusters: 7
coef tstat se p_val conf_int_l
treatment 0.014634446 1.5882634 0.009214118 0.1466894 -0.006209337
log_income -0.001417457 -0.4237128 0.003345325 0.6817219 -0.008985108
conf_int_u
treatment 0.035478230
log_income 0.006150194
N_G leverage partial-leverage-treatment
Min. 93.00000000 0.1414602 0.09313171
1st Qu. 96.25000000 0.1655626 0.09505736
Median 98.50000000 0.1969216 0.09877701
Mean 100.00000000 0.2000000 0.10000000
3rd Qu. 101.50000000 0.2151630 0.10266611
Max. 116.00000000 0.3296761 0.11516014
coefvar 0.06497863 0.2705771 0.06531733
partial-leverage-log_income beta-treatment beta-log_income
Min. 0.04745902 0.009432553 -4.418022e-03
1st Qu. 0.06474135 0.012721659 -1.545444e-03
Median 0.08748224 0.014827927 -1.478700e-03
Mean 0.10000000 0.014603939 -1.467387e-03
3rd Qu. 0.11591556 0.016141665 -9.697266e-04
Max. 0.22874955 0.020724656 4.721959e-05
coefvar 0.52899992 0.221676594 8.002307e-01
summclust.fixest(obj = feols_fit, cluster = ~group_id1, params = c("treatment",
"log_income"))
Number of observations: 95 97 99 104 98 93 116 102 100 96
Number of clusters: 7
coef tstat se p_val conf_int_l
treatment 0.014634446 1.5882634 0.009214118 0.1466894 -0.006209337
log_income -0.001417457 -0.4237128 0.003345325 0.6817219 -0.008985108
conf_int_u
treatment 0.035478230
log_income 0.006150194
N_G leverage partial-leverage-treatment
Min. 93.00000000 0.1414602 0.09313171
1st Qu. 96.25000000 0.1655626 0.09505736
Median 98.50000000 0.1969216 0.09877701
Mean 100.00000000 0.2000000 0.10000000
3rd Qu. 101.50000000 0.2151630 0.10266611
Max. 116.00000000 0.3296761 0.11516014
coefvar 0.06497863 0.2705771 0.06531733
partial-leverage-log_income beta-treatment beta-log_income
Min. 0.04745902 0.009432553 -4.418022e-03
1st Qu. 0.06474135 0.012721659 -1.545444e-03
Median 0.08748224 0.014827927 -1.478700e-03
Mean 0.10000000 0.014603939 -1.467387e-03
3rd Qu. 0.11591556 0.016141665 -9.697266e-04
Max. 0.22874955 0.020724656 4.721959e-05
coefvar 0.52899992 0.221676594 8.002307e-01
Loading required namespace: ggplot2
Loading required namespace: latex2exp
Loading required package: zoo
Attaching package: 'zoo'
The following objects are masked from 'package:base':
as.Date, as.Date.numeric
downloading the 'nlswork' dataset.
downloading the 'nlswork' dataset.
NOTE: 1 observation removed because of NA values (vcov: 1).
NOTE: 1 observation removed because of NA values (vcov: 1).
NOTE: 1 observation removed because of NA values (RHS: 1).
[ FAIL 1 | WARN 0 | SKIP 6 | PASS 102 ]
══ Skipped tests (6) ═══════════════════════════════════════════════════════════
• On CRAN (2): 'test-r-vs-stata-2.R:11:3', 'test-r-vs-stata.R:11:3'
• packageVersion("sandwich") != "3.1.0" is TRUE (4):
'test-sandwich-vcovJK.R:7:3', 'test-sandwich-vcovJK.R:188:3',
'test-sandwich-vcovJK.R:368:3', 'test-sandwich-vcovJK.R:561:3'
══ Failed tests ════════════════════════════════════════════════════════════════
── Error ('test-r-vs-stata.R:95:5'): test against stata - leverage ─────────────
<curl_error_http2_stream/curl_error/error/condition>
Error in `(function (con, what, n = 1L, size = NA_integer_, signed = TRUE,
endian = .Platform$endian)
{
if (!endian %in% c("big", "little", "swap"))
stop("invalid 'endian' argument")
if (is.character(con)) {
con <- file(con, "rb")
on.exit(close(con))
}
swap <- endian != .Platform$endian
if (!is.character(what) || is.na(what) || length(what) !=
1L || !any(what == c("numeric", "double", "integer",
"int", "logical", "complex", "character", "raw")))
what <- typeof(what)
.Internal(readBin(con, what, n, size, signed, swap))
})(structure(4L, class = c("curl", "connection"), conn_id = <pointer: 0x0000024298ffcba0>),
"raw", 65536L)`: Stream error in the HTTP/2 framing layer [www.stata-press.com]:
HTTP/2 stream 1 was not closed cleanly: INTERNAL_ERROR (err 2)
Backtrace:
▆
1. ├─haven::read_dta(url) at test-r-vs-stata.R:95:5
2. │ └─readr::datasource(file)
3. │ └─readr:::datasource_connection(...)
4. │ └─readr:::read_connection(path)
5. │ └─readr:::read_connection_(con, tempfile(), chunk_size)
6. ├─base (local) `<fn>`(`<curl>`, "raw", 65536L)
7. └─curl:::raise_libcurl_error(...)
[ FAIL 1 | WARN 0 | SKIP 6 | PASS 102 ]
Error: Test failures
Execution halted
Flavor: r-oldrel-windows-x86_64