CRAN Package Check Results for Package strvalidator

Last updated on 2025-10-17 22:51:18 CEST.

Flavor Version Tinstall Tcheck Ttotal Status Flags
r-devel-linux-x86_64-debian-clang 2.4.1 57.33 355.80 413.13 NOTE
r-devel-linux-x86_64-debian-gcc 2.4.2 37.70 229.59 267.29 OK
r-devel-linux-x86_64-fedora-clang 2.4.2 689.95 OK
r-devel-linux-x86_64-fedora-gcc 2.4.2 659.80 OK
r-devel-windows-x86_64 2.4.1 54.00 304.00 358.00 NOTE
r-patched-linux-x86_64 2.4.1 66.94 356.30 423.24 NOTE
r-release-linux-x86_64 2.4.1 62.83 357.32 420.15 NOTE
r-release-macos-arm64 2.4.2 314.00 OK
r-release-macos-x86_64 2.4.2 400.00 OK
r-release-windows-x86_64 2.4.2 47.00 273.00 320.00 OK
r-oldrel-macos-arm64 2.4.2 300.00 OK
r-oldrel-macos-x86_64 2.4.2 372.00 OK
r-oldrel-windows-x86_64 2.4.1 70.00 378.00 448.00 NOTE

Check Details

Version: 2.4.1
Check: CRAN incoming feasibility
Result: NOTE Maintainer: ‘Oskar Hansson <oskhan@ous-hf.no>’ No Authors@R field in DESCRIPTION. Please add one, modifying Authors@R: person(given = "Oskar", family = "Hansson", role = c("aut", "cre"), email = "oskhan@ous-hf.no") as necessary. Flavor: r-devel-linux-x86_64-debian-clang

Version: 2.4.1
Check: Rd files
Result: NOTE checkRd: (-1) calculateStatistics.Rd:22: Lost braces; missing escapes or markup? 22 | \item{quant}{numeric quantile to calculate {0,1}, default 0.95.} | ^ Flavors: r-devel-linux-x86_64-debian-clang, r-devel-windows-x86_64, r-patched-linux-x86_64, r-release-linux-x86_64, r-oldrel-windows-x86_64

Version: 2.4.1
Check: Rd cross-references
Result: NOTE Found the following Rd file(s) with Rd \link{} targets missing package anchors: calculateAllele.Rd: data.table calculateSpike.Rd: data.table combine_gui.Rd: rbind.fill editData_gui.Rd: gdf, gtable ggsave_gui.Rd: ggsave plotDistribution_gui.Rd: geom_density plotGroups_gui.Rd: stat_ecdf Please provide package anchors for all Rd \link{} targets not in the package itself and the base packages. Flavors: r-devel-linux-x86_64-debian-clang, r-devel-windows-x86_64, r-patched-linux-x86_64, r-release-linux-x86_64