CRAN Package Check Results for Package statnipokladna

Last updated on 2025-07-27 01:48:36 CEST.

Flavor Version Tinstall Tcheck Ttotal Status Flags
r-devel-linux-x86_64-debian-clang 0.7.4 4.57 69.10 73.67 NOTE
r-devel-linux-x86_64-debian-gcc 0.7.4 3.19 51.42 54.61 NOTE
r-devel-linux-x86_64-fedora-clang 0.7.4 108.78 NOTE
r-devel-linux-x86_64-fedora-gcc 0.7.4 123.08 NOTE
r-devel-windows-x86_64 0.7.4 7.00 102.00 109.00 NOTE
r-patched-linux-x86_64 0.7.4 4.05 64.31 68.36 NOTE
r-release-linux-x86_64 0.7.4 4.13 65.05 69.18 NOTE
r-release-macos-arm64 0.7.4 60.00 NOTE
r-release-macos-x86_64 0.7.4 107.00 NOTE
r-release-windows-x86_64 0.7.4 6.00 92.00 98.00 NOTE
r-oldrel-macos-arm64 0.7.4 59.00 OK
r-oldrel-macos-x86_64 0.7.4 104.00 OK
r-oldrel-windows-x86_64 0.7.4 9.00 113.00 122.00 OK

Check Details

Version: 0.7.4
Check: DESCRIPTION meta-information
Result: NOTE Missing dependency on R >= 4.1.0 because package code uses the pipe |> or function shorthand \(...) syntax added in R 4.1.0. File(s) using such syntax: ‘tables.R’ Flavors: r-devel-linux-x86_64-debian-clang, r-devel-linux-x86_64-debian-gcc, r-devel-linux-x86_64-fedora-clang, r-devel-linux-x86_64-fedora-gcc, r-devel-windows-x86_64, r-patched-linux-x86_64, r-release-linux-x86_64, r-release-macos-arm64, r-release-macos-x86_64, r-release-windows-x86_64