CRAN Package Check Results for Package ssrm.logmer

Last updated on 2025-07-20 14:50:48 CEST.

Flavor Version Tinstall Tcheck Ttotal Status Flags
r-devel-linux-x86_64-debian-clang 0.1 2.08 18.82 20.90 OK
r-devel-linux-x86_64-debian-gcc 0.1 1.60 15.60 17.20 OK
r-devel-linux-x86_64-fedora-clang 0.1 31.05 OK
r-devel-linux-x86_64-fedora-gcc 0.1 30.06 OK
r-devel-windows-x86_64 0.1 3.00 45.00 48.00 OK
r-patched-linux-x86_64 0.1 1.82 17.74 19.56 OK
r-release-linux-x86_64 0.1 1.94 17.75 19.69 OK
r-release-macos-arm64 0.1 18.00 OK
r-release-macos-x86_64 0.1 25.00 OK
r-release-windows-x86_64 0.1 4.00 44.00 48.00 OK
r-oldrel-macos-arm64 0.1 15.00 NOTE
r-oldrel-macos-x86_64 0.1 21.00 NOTE
r-oldrel-windows-x86_64 0.1 3.00 47.00 50.00 NOTE

Check Details

Version: 0.1
Check: LazyData
Result: NOTE 'LazyData' is specified without a 'data' directory Flavors: r-oldrel-macos-arm64, r-oldrel-macos-x86_64, r-oldrel-windows-x86_64