CRAN Package Check Results for Package ssimparser

Last updated on 2025-07-16 11:50:53 CEST.

Flavor Version Tinstall Tcheck Ttotal Status Flags
r-devel-linux-x86_64-debian-clang 0.1.1 2.09 25.12 27.21 NOTE
r-devel-linux-x86_64-debian-gcc 0.1.1 1.59 19.69 21.28 NOTE
r-devel-linux-x86_64-fedora-clang 0.1.1 38.53 OK
r-devel-linux-x86_64-fedora-gcc 0.1.1 36.29 OK
r-devel-windows-x86_64 0.1.1 4.00 50.00 54.00 OK
r-patched-linux-x86_64 0.1.1 2.12 22.44 24.56 OK
r-release-linux-x86_64 0.1.1 1.58 22.24 23.82 OK
r-release-macos-arm64 0.1.1 17.00 OK
r-release-macos-x86_64 0.1.1 29.00 OK
r-release-windows-x86_64 0.1.1 3.00 54.00 57.00 OK
r-oldrel-macos-arm64 0.1.1 17.00 OK
r-oldrel-macos-x86_64 0.1.1 27.00 OK
r-oldrel-windows-x86_64 0.1.1 4.00 55.00 59.00 OK

Check Details

Version: 0.1.1
Check: CRAN incoming feasibility
Result: NOTE Maintainer: ‘Sebastien Thonnard <sebastien.thonnard@icloud.com>’ No Authors@R field in DESCRIPTION. Please add one, modifying Authors@R: person(given = "Sebastien", family = "Thonnard", role = c("aut", "cre"), email = "sebastien.thonnard@icloud.com") as necessary. Flavors: r-devel-linux-x86_64-debian-clang, r-devel-linux-x86_64-debian-gcc