Last updated on 2025-07-16 23:49:29 CEST.
Flavor | Version | Tinstall | Tcheck | Ttotal | Status | Flags |
---|---|---|---|---|---|---|
r-devel-linux-x86_64-debian-clang | 0.4.0 | 79.25 | 178.45 | 257.70 | OK | |
r-devel-linux-x86_64-debian-gcc | 0.4.0 | 56.16 | 121.06 | 177.22 | OK | |
r-devel-linux-x86_64-fedora-clang | 0.4.0 | 421.65 | OK | |||
r-devel-linux-x86_64-fedora-gcc | 0.4.0 | 409.75 | OK | |||
r-devel-windows-x86_64 | 0.4.0 | 84.00 | 201.00 | 285.00 | OK | |
r-patched-linux-x86_64 | 0.4.0 | 77.65 | 169.50 | 247.15 | OK | |
r-release-linux-x86_64 | 0.4.0 | 74.70 | 169.34 | 244.04 | OK | |
r-release-macos-arm64 | 0.4.0 | 115.00 | OK | |||
r-release-macos-x86_64 | 0.4.0 | 210.00 | OK | |||
r-release-windows-x86_64 | 0.4.0 | 88.00 | 202.00 | 290.00 | OK | |
r-oldrel-macos-arm64 | 0.4.0 | 109.00 | NOTE | |||
r-oldrel-macos-x86_64 | 0.4.0 | 198.00 | NOTE | |||
r-oldrel-windows-x86_64 | 0.4.0 | 106.00 | 278.00 | 384.00 | OK |
Version: 0.4.0
Check: installed package size
Result: NOTE
installed size is 13.9Mb
sub-directories of 1Mb or more:
data 1.1Mb
help 1.2Mb
libs 11.5Mb
Flavors: r-oldrel-macos-arm64, r-oldrel-macos-x86_64