Last updated on 2025-07-17 11:50:47 CEST.
Flavor | Version | Tinstall | Tcheck | Ttotal | Status | Flags |
---|---|---|---|---|---|---|
r-devel-linux-x86_64-debian-clang | 1.0.2.5 | 20.32 | 155.70 | 176.02 | NOTE | |
r-devel-linux-x86_64-debian-gcc | 1.0.2.5 | 15.13 | 109.05 | 124.18 | NOTE | |
r-devel-linux-x86_64-fedora-clang | 1.0.2.5 | 272.15 | NOTE | |||
r-devel-linux-x86_64-fedora-gcc | 1.0.2.5 | 289.37 | NOTE | |||
r-devel-windows-x86_64 | 1.0.2.5 | 20.00 | 139.00 | 159.00 | NOTE | |
r-patched-linux-x86_64 | 1.0.2.5 | 21.98 | 144.42 | 166.40 | NOTE | |
r-release-linux-x86_64 | 1.0.2.5 | 17.83 | 143.27 | 161.10 | NOTE | |
r-release-macos-arm64 | 1.0.2.5 | 75.00 | NOTE | |||
r-release-macos-x86_64 | 1.0.2.5 | 149.00 | NOTE | |||
r-release-windows-x86_64 | 1.0.2.5 | 22.00 | 143.00 | 165.00 | NOTE | |
r-oldrel-macos-arm64 | 1.0.2.5 | 77.00 | NOTE | |||
r-oldrel-macos-x86_64 | 1.0.2.5 | 122.00 | NOTE | |||
r-oldrel-windows-x86_64 | 1.0.2.5 | 28.00 | 189.00 | 217.00 | NOTE |
Version: 1.0.2.5
Check: Rd files
Result: NOTE
checkRd: (-1) impactspsur.Rd:42: Lost braces; missing escapes or markup?
42 | and a matching \code{Qres} list attribute if {Q} was given.
| ^
checkRd: (-1) spsur3sls.Rd:158: Lost braces; missing escapes or markup?
158 | the matrix of regressors, of order \emph{(Nxp_{g})}. Moreover,
| ^
checkRd: (-1) spsurgs3sls.Rd:67: Lost braces; missing escapes or markup?
67 | \item{het}{default {FALSE}: if {TRUE} uses the methods
| ^
checkRd: (-1) spsurgs3sls.Rd:67: Lost braces; missing escapes or markup?
67 | \item{het}{default {FALSE}: if {TRUE} uses the methods
| ^
Flavors: r-devel-linux-x86_64-debian-clang, r-devel-linux-x86_64-debian-gcc, r-devel-linux-x86_64-fedora-clang, r-devel-linux-x86_64-fedora-gcc, r-devel-windows-x86_64, r-patched-linux-x86_64, r-release-linux-x86_64, r-release-macos-arm64, r-release-macos-x86_64, r-release-windows-x86_64, r-oldrel-macos-arm64, r-oldrel-macos-x86_64, r-oldrel-windows-x86_64
Version: 1.0.2.5
Check: Rd cross-references
Result: NOTE
Found the following Rd file(s) with Rd \link{} targets missing package
anchors:
impactspsur.Rd: impacts
spsur-package.Rd: impacts
Please provide package anchors for all Rd \link{} targets not in the
package itself and the base packages.
Flavors: r-devel-linux-x86_64-debian-clang, r-devel-linux-x86_64-debian-gcc, r-devel-windows-x86_64, r-patched-linux-x86_64, r-release-linux-x86_64, r-release-windows-x86_64