Last updated on 2025-07-16 23:49:29 CEST.
Flavor | Version | Tinstall | Tcheck | Ttotal | Status | Flags |
---|---|---|---|---|---|---|
r-devel-linux-x86_64-debian-clang | 2.2.1 | 9.82 | 134.59 | 144.41 | NOTE | |
r-devel-linux-x86_64-debian-gcc | 2.2.1 | 6.45 | 95.57 | 102.02 | NOTE | |
r-devel-linux-x86_64-fedora-clang | 2.2.1 | 222.21 | OK | |||
r-devel-linux-x86_64-fedora-gcc | 2.2.1 | 224.79 | OK | |||
r-devel-windows-x86_64 | 2.2.1 | 10.00 | 139.00 | 149.00 | OK | |
r-patched-linux-x86_64 | 2.2.1 | 8.68 | 127.15 | 135.83 | OK | |
r-release-linux-x86_64 | 2.2.1 | 10.10 | 126.48 | 136.58 | OK | |
r-release-macos-arm64 | 2.2.1 | 70.00 | OK | |||
r-release-macos-x86_64 | 2.2.1 | 146.00 | OK | |||
r-release-windows-x86_64 | 2.2.1 | 10.00 | 136.00 | 146.00 | OK | |
r-oldrel-macos-arm64 | 2.2.1 | 61.00 | OK | |||
r-oldrel-macos-x86_64 | 2.2.1 | 105.00 | OK | |||
r-oldrel-windows-x86_64 | 2.2.1 | 15.00 | 183.00 | 198.00 | OK |
Version: 2.2.1
Check: CRAN incoming feasibility
Result: NOTE
Maintainer: ‘Sam Levin <levisc8@gmail.com>’
No Authors@R field in DESCRIPTION.
Please add one, modifying
Authors@R: c(person(given = "Gudrun",
family = "Carl",
role = c("cre", "aut")),
person(given = "Ingolf",
family = "Kuehn",
role = "aut"),
person(given = "Sam",
family = "Levin",
role = c("aut", "cre"),
email = "levisc8@gmail.com"))
as necessary.
Package CITATION file contains call(s) to old-style personList() or
as.personList(). Please use c() on person objects instead.
Package CITATION file contains call(s) to old-style citEntry(). Please
use bibentry() instead.
Flavors: r-devel-linux-x86_64-debian-clang, r-devel-linux-x86_64-debian-gcc